{"id":290,"date":"2020-02-20T12:04:32","date_gmt":"2020-02-20T11:04:32","guid":{"rendered":"https:\/\/ramonescale.com\/?page_id=290"},"modified":"2024-04-18T13:03:23","modified_gmt":"2024-04-18T11:03:23","slug":"espectacles","status":"publish","type":"page","link":"https:\/\/ramonescale.com\/ca\/espectacles\/","title":{"rendered":"Espectacles"},"content":{"rendered":"\n<div class=\"wp-block-cover alignfull\"><span aria-hidden=\"true\" class=\"wp-block-cover__background has-background-dim-30 has-background-dim\" style=\"background-color:#39b39d\"><\/span><img loading=\"lazy\" decoding=\"async\" width=\"1920\" height=\"820\" class=\"wp-block-cover__image-background wp-image-326\" alt=\"\" src=\"https:\/\/ramonescale.com\/wp-content\/uploads\/sites\/2\/2020\/02\/shows-01-cropped.jpg\" data-object-fit=\"cover\" srcset=\"https:\/\/ramonescale.com\/ca\/wp-content\/uploads\/sites\/2\/2020\/02\/shows-01-cropped.jpg 1920w, https:\/\/ramonescale.com\/ca\/wp-content\/uploads\/sites\/2\/2020\/02\/shows-01-cropped-300x128.jpg 300w, https:\/\/ramonescale.com\/ca\/wp-content\/uploads\/sites\/2\/2020\/02\/shows-01-cropped-1024x437.jpg 1024w, https:\/\/ramonescale.com\/ca\/wp-content\/uploads\/sites\/2\/2020\/02\/shows-01-cropped-768x328.jpg 768w, https:\/\/ramonescale.com\/ca\/wp-content\/uploads\/sites\/2\/2020\/02\/shows-01-cropped-1536x656.jpg 1536w\" sizes=\"auto, (max-width: 1920px) 100vw, 1920px\" \/><div class=\"wp-block-cover__inner-container is-layout-flow wp-block-cover-is-layout-flow\">\n<p class=\"has-text-align-center has-large-font-size\">La qualitat dels nostres espectacles i la connexi\u00f3 amb el p\u00fablic s\u00f3n les nostres dades d&#8217;identitat<\/p>\n<\/div><\/div>\n\n\n\n<div style=\"height:50px\" aria-hidden=\"true\" class=\"wp-block-spacer\"><\/div>\n\n\n\n<p>A trav\u00e9s de les diferents formacions que dirigeixo, he creat espectacles amb segell propi, tant a nivell de repertori, com de posada en escena i s\u00f2 col.lectiu, encaminant tot a un mateix a objectiu: <strong>Connectar<\/strong>! I per aconseguir-ho, poso tota la meva energia en fer desapar\u00e8ixer la barrera entre escenari i p\u00fablic, i fondre\u2019ns tots en una experi\u00e8ncia emocional i musical \u00fanica, on predominin l\u2019autenticitat, la professionalitat, la qualitat, les bones vibracions i l\u2019originalitat.<\/p>\n\n\n\n<h3 class=\"wp-block-heading has-text-align-center has-text-color\" style=\"color:#39b39d\">M\u00e9s de 40 anys creant espectacles i \u00e9ssent pioners d\u2019una forma molt especial de portar la m\u00fasica als escenaris avalen aquesta connexi\u00f3<\/h3>\n\n\n\n<p>L\u2019alegria, l\u2019energia i el sentit de l\u2019humor, aix\u00ed com la nostra passi\u00f3, il.lusi\u00f3 i naturalitat, sempre presents en les nostres actuacions, segueixen \u00e9ssent el nostre ADN despr\u00e9s de tots aquests anys, i aix\u00f2 se sent i es percep a l\u2019escenari.<\/p>\n\n\n\n<p>La meva activitat en les produccions abarca tot el proc\u00e9s de creaci\u00f3 d\u2019un espectacle i el seu posterior muntatge i entramat musical: composici\u00f3, arranjaments musicals, direcci\u00f3, assajos, posada en escena, casting i tot el que comporta una producci\u00f3.<\/p>\n\n\n\n<p>En el nostre curr\u00edculum figuren destacades col.laboracions com les de <strong>Bazil Meade &amp; LCGC, Donald Lawrence, Daniel Thomas, Isaac Cates, Trey McLaughlin, Lurine Cato, Rosemary Cosby, Carla Jane, Annette Bowen, Becky Thomas, Jason Taylor<\/strong>, <strong>Andrea Motis, Theresa Kis<\/strong>, <strong>Hans C.Jochimsen, Didier Likeng, Joakim Arenius, Colin Vassell<\/strong>, <strong>Fred Lewin,<\/strong> etc, en l\u2019\u00e0mbit del Gospel i les de <strong>Chucho Vald\u00e9s, Omara Portuondo, Paquito de Rivera, Jerry Gonz\u00e1lez, Lucrecia i Telva Rojas<\/strong> en l\u2019\u00e0mbit del latin jazz.<\/p>\n\n\n\n<figure class=\"wp-block-table caption-align-center\"><table class=\"has-fixed-layout\"><thead><tr><th class=\"has-text-align-center\" data-align=\"center\"><strong>Nom del espectacle<\/strong><\/th><th><strong>Grup<\/strong><\/th><th class=\"has-text-align-center\" data-align=\"center\">G\u00e8nere<\/th><\/tr><\/thead><tbody><tr><td class=\"has-text-align-center\" data-align=\"center\"><br><a href=\"https:\/\/ramonescale.com\/ca\/espectacles\/listen-to-the-music\/\" class=\"ek-link\">Listen to the Music!<\/a><br> <\/td><td>Barcelona Gospel Messengers<\/td><td class=\"has-text-align-center\" data-align=\"center\">Gospel &amp; Soul &amp; Dance<\/td><\/tr><tr><td class=\"has-text-align-center\" data-align=\"center\"><a href=\"https:\/\/ramonescale.com\/ca\/espectacles\/simfonic-gospel\/\" class=\"ek-link\">Simf\u00f2nic Gospel<\/a><\/td><td><br>Messengers &amp; Banda Simf\u00f2nica<br><\/td><td class=\"has-text-align-center\" data-align=\"center\">Gospel Simf\u00f2nic<\/td><\/tr><tr><td class=\"has-text-align-center\" data-align=\"center\"><a href=\"https:\/\/ramonescale.com\/ca\/espectacles\/gospel-meets-flamenco\/\" class=\"ek-link\">Gospel meets Flamenco<\/a><\/td><td><br>The Lamento<br><\/td><td class=\"has-text-align-center\" data-align=\"center\">Gospel Flamenco fusi\u00f3<\/td><\/tr><tr><td class=\"has-text-align-center\" data-align=\"center\"><a href=\"https:\/\/ramonescale.com\/ca\/espectacles\/gospel-meets-latin\/\" class=\"ek-link\">Gospel meets Latin<\/a><\/td><td>London Community Gospel Choir &amp; Messengers &amp; Barcelona Big Latin Band<\/td><td class=\"has-text-align-center\" data-align=\"center\">Gospel Latin fusi\u00f3<\/td><\/tr><tr><td class=\"has-text-align-center\" data-align=\"center\"><a href=\"https:\/\/ramonescale.com\/ca\/espectacles\/indians-cancons-danada-i-tornada\/\" class=\"ek-link\">Indians, can\u00e7ons d\u2019anada i tornada<\/a><\/td><td>Camerata Bacasis &amp; Ramon Escal\u00e9 Latin Trio &amp; Marta Riera<\/td><td class=\"has-text-align-center\" data-align=\"center\">Latin<\/td><\/tr><tr><td class=\"has-text-align-center\" data-align=\"center\"><br><a href=\"https:\/\/ramonescale.com\/ca\/espectacles\/time-to-gospel\/\" class=\"ek-link\">Life Celebration!<\/a><br><\/td><td>Goizargi Gospel Choir<\/td><td class=\"has-text-align-center\" data-align=\"center\">Gospel<\/td><\/tr><tr><td class=\"has-text-align-center\" data-align=\"center\"><a href=\"https:\/\/ramonescale.com\/ca\/espectacles\/from-the-heart-of-africa\/\">From the heart of Africa<\/a><\/td><td>Esclat Gospel Singers &amp; Barcelona Big Latin Band<\/td><td class=\"has-text-align-center\" data-align=\"center\">African Gospel<\/td><\/tr><\/tbody><\/table><\/figure>\n\n\n\n<h3 class=\"wp-block-heading has-text-color\" style=\"color:#39b39d\"><\/h3>\n\n\n\n<hr class=\"wp-block-separator has-css-opacity\" \/>\n\n\n\n<h2 class=\"wp-block-heading has-text-align-center\">Testimonis<\/h2>\n\n\n\n<div class=\"wp-block-columns alignwide is-layout-flex wp-container-core-columns-is-layout-9d6595d7 wp-block-columns-is-layout-flex\">\n<div class=\"wp-block-column is-layout-flow wp-block-column-is-layout-flow\">\n<blockquote class=\"wp-block-quote is-layout-flow wp-block-quote-is-layout-flow\">\n<p>\u00c9s rigor\u00f3s, apassionat i ha sabut envoltar-se de bona gent tant a nivell hum\u00e0 com professional. Li agrada entregar-se al p\u00fablic, \u00e9s valent, innovador, aut\u00e8ntic, simp\u00e0tic, magn\u00e8tic, sempre s\u2019est\u00e0 formant i reinventant-se. Pot ser que faci coses diferents per\u00f2 sempre ofereix qualitat i autenticitat.<\/p>\n<cite>Olga Mart\u00ednez. Cantant<\/cite><\/blockquote>\n<\/div>\n\n\n\n<div class=\"wp-block-column is-layout-flow wp-block-column-is-layout-flow\">\n<blockquote class=\"wp-block-quote is-layout-flow wp-block-quote-is-layout-flow\">\n<p>En Ramon marca la difer\u00e8ncia gr\u00e0cies a la seva naturalitat i senzillesa a l\u2019hora de comunicar i transmetre. T\u00e9 una capacitat natural per captivar als cantants i liderar-los amb senzillesa i humilitat. T\u00e9 un gran talent com a director i especialment, com a m\u00fasic. M\u2019agrada molt. T\u00e9 carisma i sap posar-se al davant d\u2019un projecte escoltant a tothom. Els seus esdeveniments m\u2019encanten, no me\u2019n perdo ni un.<\/p>\n<cite>Imma Joseph. Responsable d\u2019un cor de gospel<\/cite><\/blockquote>\n<\/div>\n\n\n\n<div class=\"wp-block-column is-layout-flow wp-block-column-is-layout-flow\">\n<blockquote class=\"wp-block-quote is-layout-flow wp-block-quote-is-layout-flow\">\n<p>Quan en Ramon puja a un escenari envoltat de m\u00fasics i cantants \u00e9s quan creix m\u00e9s com a director.<\/p>\n<cite>Lola Alarc\u00f3n. Alumna del College<\/cite><\/blockquote>\n<\/div>\n<\/div>\n","protected":false},"excerpt":{"rendered":"<p>A trav\u00e9s de les diferents formacions que dirigeixo, he creat espectacles amb segell propi, tant a nivell de repertori, com de posada en escena i s\u00f2 col.lectiu, encaminant tot a un mateix a objectiu: Connectar! I per aconseguir-ho, poso tota la meva energia en fer desapar\u00e8ixer la barrera entre escenari i p\u00fablic, i fondre\u2019ns tots [&hellip;]<\/p>\n","protected":false},"author":1,"featured_media":0,"parent":0,"menu_order":6,"comment_status":"closed","ping_status":"closed","template":"","meta":{"_editorskit_title_hidden":false,"_editorskit_reading_time":2,"_editorskit_is_block_options_detached":false,"_editorskit_block_options_position":"{}","_genesis_hide_title":false,"_genesis_hide_breadcrumbs":false,"_genesis_hide_singular_image":false,"_genesis_hide_footer_widgets":false,"_genesis_custom_body_class":"","_genesis_custom_post_class":"","_genesis_layout":"","editor_notices":[],"footnotes":""},"class_list":{"0":"post-290","1":"page","2":"type-page","3":"status-publish","5":"entry"},"_links":{"self":[{"href":"https:\/\/ramonescale.com\/ca\/wp-json\/wp\/v2\/pages\/290","targetHints":{"allow":["GET"]}}],"collection":[{"href":"https:\/\/ramonescale.com\/ca\/wp-json\/wp\/v2\/pages"}],"about":[{"href":"https:\/\/ramonescale.com\/ca\/wp-json\/wp\/v2\/types\/page"}],"author":[{"embeddable":true,"href":"https:\/\/ramonescale.com\/ca\/wp-json\/wp\/v2\/users\/1"}],"replies":[{"embeddable":true,"href":"https:\/\/ramonescale.com\/ca\/wp-json\/wp\/v2\/comments?post=290"}],"version-history":[{"count":49,"href":"https:\/\/ramonescale.com\/ca\/wp-json\/wp\/v2\/pages\/290\/revisions"}],"predecessor-version":[{"id":847,"href":"https:\/\/ramonescale.com\/ca\/wp-json\/wp\/v2\/pages\/290\/revisions\/847"}],"wp:attachment":[{"href":"https:\/\/ramonescale.com\/ca\/wp-json\/wp\/v2\/media?parent=290"}],"curies":[{"name":"wp","href":"https:\/\/api.w.org\/{rel}","templated":true}]}}

<div class="wp-block-cover alignfull"><span aria-hidden="true" class="wp-block-cover__background has-background-dim-30 has-background-dim" style="background-color:#39b39d"></span><img loading="lazy" decoding="async" width="1920" height="820" class="wp-block-cover__image-background wp-image-326" alt="" src="https://ramonescale.com/wp-content/uploads/sites/2/2020/02/shows-01-cropped.jpg" data-object-fit="cover" srcset="https://ramonescale.com/ca/wp-content/uploads/sites/2/2020/02/shows-01-cropped.jpg 1920w, https://ramonescale.com/ca/wp-content/uploads/sites/2/2020/02/shows-01-cropped-300x128.jpg 300w, https://ramonescale.com/ca/wp-content/uploads/sites/2/2020/02/shows-01-cropped-1024x437.jpg 1024w, https://ramonescale.com/ca/wp-content/uploads/sites/2/2020/02/shows-01-cropped-768x328.jpg 768w, https://ramonescale.com/ca/wp-content/uploads/sites/2/2020/02/shows-01-cropped-1536x656.jpg 1536w" sizes="auto, (max-width: 1920px) 100vw, 1920px" /><div class="wp-block-cover__inner-container is-layout-flow wp-block-cover-is-layout-flow">
<p class="has-text-align-center has-large-font-size">La qualitat dels nostres espectacles i la connexió amb el públic són les nostres dades d&#8217;identitat</p>
</div></div>



<div style="height:50px" aria-hidden="true" class="wp-block-spacer"></div>



<p>A través de les diferents formacions que dirigeixo, he creat espectacles amb segell propi, tant a nivell de repertori, com de posada en escena i sò col.lectiu, encaminant tot a un mateix a objectiu: <strong>Connectar</strong>! I per aconseguir-ho, poso tota la meva energia en fer desaparèixer la barrera entre escenari i públic, i fondre’ns tots en una experiència emocional i musical única, on predominin l’autenticitat, la professionalitat, la qualitat, les bones vibracions i l’originalitat.</p>



<h3 class="wp-block-heading has-text-align-center has-text-color" style="color:#39b39d">Més de 40 anys creant espectacles i éssent pioners d’una forma molt especial de portar la música als escenaris avalen aquesta connexió</h3>



<p>L’alegria, l’energia i el sentit de l’humor, així com la nostra passió, il.lusió i naturalitat, sempre presents en les nostres actuacions, segueixen éssent el nostre ADN després de tots aquests anys, i això se sent i es percep a l’escenari.</p>



<p>La meva activitat en les produccions abarca tot el procés de creació d’un espectacle i el seu posterior muntatge i entramat musical: composició, arranjaments musicals, direcció, assajos, posada en escena, casting i tot el que comporta una producció.</p>



<p>En el nostre currículum figuren destacades col.laboracions com les de <strong>Bazil Meade &amp; LCGC, Donald Lawrence, Daniel Thomas, Isaac Cates, Trey McLaughlin, Lurine Cato, Rosemary Cosby, Carla Jane, Annette Bowen, Becky Thomas, Jason Taylor</strong>, <strong>Andrea Motis, Theresa Kis</strong>, <strong>Hans C.Jochimsen, Didier Likeng, Joakim Arenius, Colin Vassell</strong>, <strong>Fred Lewin,</strong> etc, en l’àmbit del Gospel i les de <strong>Chucho Valdés, Omara Portuondo, Paquito de Rivera, Jerry González, Lucrecia i Telva Rojas</strong> en l’àmbit del latin jazz.</p>



<figure class="wp-block-table caption-align-center"><table class="has-fixed-layout"><thead><tr><th class="has-text-align-center" data-align="center"><strong>Nom del espectacle</strong></th><th><strong>Grup</strong></th><th class="has-text-align-center" data-align="center">Gènere</th></tr></thead><tbody><tr><td class="has-text-align-center" data-align="center"><br><a href="https://ramonescale.com/ca/espectacles/listen-to-the-music/" class="ek-link">Listen to the Music!</a><br> </td><td>Barcelona Gospel Messengers</td><td class="has-text-align-center" data-align="center">Gospel &amp; Soul &amp; Dance</td></tr><tr><td class="has-text-align-center" data-align="center"><a href="https://ramonescale.com/ca/espectacles/simfonic-gospel/" class="ek-link">Simfònic Gospel</a></td><td><br>Messengers &amp; Banda Simfònica<br></td><td class="has-text-align-center" data-align="center">Gospel Simfònic</td></tr><tr><td class="has-text-align-center" data-align="center"><a href="https://ramonescale.com/ca/espectacles/gospel-meets-flamenco/" class="ek-link">Gospel meets Flamenco</a></td><td><br>The Lamento<br></td><td class="has-text-align-center" data-align="center">Gospel Flamenco fusió</td></tr><tr><td class="has-text-align-center" data-align="center"><a href="https://ramonescale.com/ca/espectacles/gospel-meets-latin/" class="ek-link">Gospel meets Latin</a></td><td>London Community Gospel Choir &amp; Messengers &amp; Barcelona Big Latin Band</td><td class="has-text-align-center" data-align="center">Gospel Latin fusió</td></tr><tr><td class="has-text-align-center" data-align="center"><a href="https://ramonescale.com/ca/espectacles/indians-cancons-danada-i-tornada/" class="ek-link">Indians, cançons d’anada i tornada</a></td><td>Camerata Bacasis &amp; Ramon Escalé Latin Trio &amp; Marta Riera</td><td class="has-text-align-center" data-align="center">Latin</td></tr><tr><td class="has-text-align-center" data-align="center"><br><a href="https://ramonescale.com/ca/espectacles/time-to-gospel/" class="ek-link">Life Celebration!</a><br></td><td>Goizargi Gospel Choir</td><td class="has-text-align-center" data-align="center">Gospel</td></tr><tr><td class="has-text-align-center" data-align="center"><a href="https://ramonescale.com/ca/espectacles/from-the-heart-of-africa/">From the heart of Africa</a></td><td>Esclat Gospel Singers &amp; Barcelona Big Latin Band</td><td class="has-text-align-center" data-align="center">African Gospel</td></tr></tbody></table></figure>



<h3 class="wp-block-heading has-text-color" style="color:#39b39d"></h3>



<hr class="wp-block-separator has-css-opacity" />



<h2 class="wp-block-heading has-text-align-center">Testimonis</h2>



<div class="wp-block-columns alignwide is-layout-flex wp-container-core-columns-is-layout-9d6595d7 wp-block-columns-is-layout-flex">
<div class="wp-block-column is-layout-flow wp-block-column-is-layout-flow">
<blockquote class="wp-block-quote is-layout-flow wp-block-quote-is-layout-flow">
<p>És rigorós, apassionat i ha sabut envoltar-se de bona gent tant a nivell humà com professional. Li agrada entregar-se al públic, és valent, innovador, autèntic, simpàtic, magnètic, sempre s’està formant i reinventant-se. Pot ser que faci coses diferents però sempre ofereix qualitat i autenticitat.</p>
<cite>Olga Martínez. Cantant</cite></blockquote>
</div>



<div class="wp-block-column is-layout-flow wp-block-column-is-layout-flow">
<blockquote class="wp-block-quote is-layout-flow wp-block-quote-is-layout-flow">
<p>En Ramon marca la diferència gràcies a la seva naturalitat i senzillesa a l’hora de comunicar i transmetre. Té una capacitat natural per captivar als cantants i liderar-los amb senzillesa i humilitat. Té un gran talent com a director i especialment, com a músic. M’agrada molt. Té carisma i sap posar-se al davant d’un projecte escoltant a tothom. Els seus esdeveniments m’encanten, no me’n perdo ni un.</p>
<cite>Imma Joseph. Responsable d’un cor de gospel</cite></blockquote>
</div>



<div class="wp-block-column is-layout-flow wp-block-column-is-layout-flow">
<blockquote class="wp-block-quote is-layout-flow wp-block-quote-is-layout-flow">
<p>Quan en Ramon puja a un escenari envoltat de músics i cantants és quan creix més com a director.</p>
<cite>Lola Alarcón. Alumna del College</cite></blockquote>
</div>
</div>

<p>A través de les diferents formacions que dirigeixo, he creat espectacles amb segell propi, tant a nivell de repertori, com de posada en escena i sò col.lectiu, encaminant tot a un mateix a objectiu: Connectar! I per aconseguir-ho, poso tota la meva energia en fer desaparèixer la barrera entre escenari i públic, i fondre’ns tots [&hellip;]</p>
