{"id":35,"date":"2019-12-02T17:21:08","date_gmt":"2019-12-02T16:21:08","guid":{"rendered":"https:\/\/ramonescale.com\/?page_id=35"},"modified":"2021-04-28T19:17:01","modified_gmt":"2021-04-28T17:17:01","slug":"sobre-mi","status":"publish","type":"page","link":"https:\/\/ramonescale.com\/ca\/sobre-mi\/","title":{"rendered":"Sobre mi"},"content":{"rendered":"\n<div class=\"wp-block-cover alignfull has-background-dim-20 has-background-dim has-parallax\" style=\"background-image:url(https:\/\/ramonescale.com\/wp-content\/uploads\/sites\/2\/2019\/12\/about-me-02.jpg);background-color:#39b39d;min-height:338px;aspect-ratio:unset;\"><div class=\"wp-block-cover__inner-container is-layout-flow wp-block-cover-is-layout-flow\">\n<div class=\"wp-block-group hero\"><div class=\"wp-block-group__inner-container is-layout-flow wp-block-group-is-layout-flow\">\n<p class=\"has-text-align-center\">S\u00f3c m\u00fasic, en el sentit ampli de la seva accepci\u00f3, em sento m\u00fasic, especialitzat en la diversitat, encara que finalment he trobat una m\u00fasica impregnada d\u2019espiritualitat, el gospel, que colma les meves inquietuds musicals i personals.<\/p>\n\n\n\n<div class=\"wp-block-columns is-layout-flex wp-container-core-columns-is-layout-9d6595d7 wp-block-columns-is-layout-flex\">\n<div class=\"wp-block-column is-layout-flow wp-block-column-is-layout-flow\">\n<div class=\"wp-block-button aligncenter is-style-outline is-style-outline--1\"><a class=\"wp-block-button__link has-very-light-gray-color has-text-color\" href=\"https:\/\/ramonescale.com\/ca\/contacta\/\" style=\"border-radius:50px\">Contacta amb mi<\/a><\/div>\n<\/div>\n\n\n\n<div class=\"wp-block-column is-layout-flow wp-block-column-is-layout-flow\">\n<div class=\"wp-block-button aligncenter is-style-outline is-style-outline--2\"><a class=\"wp-block-button__link has-text-color\" href=\"https:\/\/ramonescale.com\/ca\/bio\/\" style=\"color:#ffffff\">Veure Bio<\/a><\/div>\n<\/div>\n<\/div>\n<\/div><\/div>\n<\/div><\/div>\n\n\n\n<hr class=\"wp-block-separator\" \/>\n\n\n\n<div class=\"wp-block-columns alignwide is-layout-flex wp-container-core-columns-is-layout-9d6595d7 wp-block-columns-is-layout-flex\">\n<div class=\"wp-block-column is-layout-flow wp-block-column-is-layout-flow\">\n<p>El gospel \u00e9s una eina perfecta per expressar emocions i connectar-se amb un mateix, per comunicar-se amb els altres i amb l\u2019univers, la seva for\u00e7a resideix en la universalitat del seu missatge que va m\u00e9s enll\u00e0 del que \u00e9s estrictament musical per endinsar-se en el terreny de les emocions humanes m\u00e9s ancestrals.<\/p>\n\n\n\n<p>Persones de qualsevol proced\u00e8ncia o creen\u00e7a, connecten des de la veu i, per tant, des del cor, fonent-se en una unitat des de la diversitat, formant part de quelcom meravell\u00f3s, sense perdre la pr\u00f2pia identitat, la veu.<\/p>\n\n\n\n<p>Tots els meus projectes, tots els meus somnis musicals es nodreixen ara del bagatge adquirit al llarg d\u2019anys, en les arrels de les \u201cblack church\u201d d\u2019Am\u00e8rica, Europa i \u00c0frica, per despr\u00e9s evolucionar cap a la meva pr\u00f2pia viv\u00e8ncia on es manifesta de manera intensa, visceral, propera, natural i sincera la meva passi\u00f3 pel gospel i totes les connotacions musicals i espirituals que comporta.<\/p>\n\n\n\n<p>El meu desig \u00e9s apropar el gospel a tothom, ajudar a impregnar-se del seu missatge universal, ajudar a assumir el paper imprescindible de la m\u00fasica a les nostres vides, no nom\u00e9s com a consumidors passius sin\u00f3 com elements 100% actius.<\/p>\n\n\n\n<p>A trav\u00e9s de totes les meves activitats et convido a viure en primera persona i en com\u00fa, l\u2019alegria, l\u2019energia i l&#8217;amor senzill que es generen des del gospel, on tots i cadasc\u00fa de nosaltres som tan importants com el col\u00b7lectiu del que formem part.<\/p>\n\n\n\n<div class=\"wp-block-button aligncenter\"><a class=\"wp-block-button__link\" href=\"https:\/\/ramonescale.com\/ca\/bio\/\">Veure Bio<\/a><\/div>\n<\/div>\n\n\n\n<div class=\"wp-block-column is-layout-flow wp-block-column-is-layout-flow\">\n<figure class=\"wp-block-image size-large\"><img loading=\"lazy\" decoding=\"async\" width=\"602\" height=\"1024\" src=\"https:\/\/ramonescale.com\/wp-content\/uploads\/sites\/2\/2019\/12\/RamonEscale\u0301-\u00a9-MartaRiera-134-de-159-602x1024.jpg\" alt=\"\" class=\"wp-image-127\" srcset=\"https:\/\/ramonescale.com\/ca\/wp-content\/uploads\/sites\/2\/2019\/12\/RamonEscale\u0301-\u00a9-MartaRiera-134-de-159-602x1024.jpg 602w, https:\/\/ramonescale.com\/ca\/wp-content\/uploads\/sites\/2\/2019\/12\/RamonEscale\u0301-\u00a9-MartaRiera-134-de-159-176x300.jpg 176w, https:\/\/ramonescale.com\/ca\/wp-content\/uploads\/sites\/2\/2019\/12\/RamonEscale\u0301-\u00a9-MartaRiera-134-de-159-768x1306.jpg 768w, https:\/\/ramonescale.com\/ca\/wp-content\/uploads\/sites\/2\/2019\/12\/RamonEscale\u0301-\u00a9-MartaRiera-134-de-159-903x1536.jpg 903w, https:\/\/ramonescale.com\/ca\/wp-content\/uploads\/sites\/2\/2019\/12\/RamonEscale\u0301-\u00a9-MartaRiera-134-de-159-1205x2048.jpg 1205w, https:\/\/ramonescale.com\/ca\/wp-content\/uploads\/sites\/2\/2019\/12\/RamonEscale\u0301-\u00a9-MartaRiera-134-de-159-scaled.jpg 1506w\" sizes=\"auto, (max-width: 602px) 100vw, 602px\" \/><\/figure>\n<\/div>\n<\/div>\n\n\n\n<div class=\"wp-block-cover alignfull has-background-dim-20 has-background-dim has-parallax\" style=\"background-image:url(https:\/\/ramonescale.com\/wp-content\/uploads\/sites\/2\/2019\/12\/about-me-01.jpg);background-color:#dd0063\"><div class=\"wp-block-cover__inner-container is-layout-flow wp-block-cover-is-layout-flow\">\n<p class=\"has-text-align-center has-medium-font-size\"><em>\u201cQuan s\u00f3c a l\u2019escenari, m\u2019oblido de tot el que no sigui el que est\u00e0 passant en aquell prec\u00eds instant, ho visc com una llarga, meravellosa i atenta meditaci\u00f3 que genera de manera natural un estat d\u2019absoluta connexi\u00f3 interior i exterior\u201d.<\/em><\/p>\n<\/div><\/div>\n\n\n\n<hr class=\"wp-block-separator\" \/>\n\n\n\n<h2 class=\"wp-block-heading\">D\u2019estudiant de medicina, a m\u00fasic autodidacta<\/h2>\n\n\n\n<p>Vaig come\u00e7ar seriosament als 21 anys, despr\u00e9s de tres anys d\u2019estudiar medicina, encara que ja des de molt jove havia manifestat la meva passi\u00f3 per la m\u00fasica. La meva fam\u00edlia no volia que segu\u00eds aquesta vocaci\u00f3 aix\u00ed que la seva ajuda va ser m\u00e9s aviat escassa.<\/p>\n\n\n\n<p>Aix\u00f2 em va obligar a ser autosuficient molt aviat i despr\u00e9s de sobrevieure amb espor\u00e0dics i variats treballs fora de l\u2019\u00e0mbit musical, vaig comen\u00e7ar a fer bolos de ball, b\u00e0sicament impulsat per les meves enormes ganes de ser professional, i aix\u00ed, comen\u00e7ant des de zero i amb molt poca formaci\u00f3, em vaig anar obrint pas i aprenent tot all\u00f2 que es posava al meu abast, ja fos una rumba, un pasodoble, el repertori d\u2019un cantautor, alguna cosa de jazz, llat\u00ed o el que fos&#8230;la meva il\u00b7lusi\u00f3 en aquell moment era aconseguir viure de la m\u00fasica, fos de l\u2019estil que fos.<\/p>\n\n\n\n<h2 class=\"wp-block-heading\">De freelance als meus propis projectes<\/h2>\n\n\n\n<p>Despr\u00e9s d\u2019uns quants anys d\u2019aprenentatge sobre el terreny i acompanyant a gent tan diversa com <strong>Dyango, Raimon<\/strong>,<strong> Lucrecia<\/strong>, <strong>Dagoll Dagom<\/strong>, <strong>Els Comediants<\/strong> i un llarg etc. Vaig comen\u00e7ar a interessar-me per la m\u00fasica negra i concretament pel jazz, la qual cosa em va donar ales per comen\u00e7ar a buscar el meu propi llenguatge.<\/p>\n\n\n\n<p>La casualitat o la causalitat em van conduir a formar part d\u2019un grup tan carism\u00e0tic en els anys 90 com la <strong>Vella Dixieland<\/strong>, on vaig donar un pas determinant en el meu desenvolupament musical: vaig passar d\u2019\u00e9sser \u201cacompanyant\u201d a \u201cartista\u201d, situaci\u00f3 que donava major visibilitat a qu\u00e8 tocava i com ho tocava. Aquells anys van ser crucials en la meva formaci\u00f3 i em van llan\u00e7ar de ple a comen\u00e7ar a voler plasmar les meves pr\u00f2pies inquietuds creatives.<\/p>\n\n\n\n<p>En aquella \u00e8poca van n\u00e9ixer els meus primers projectes personals como el meu Jazz Trio <strong>ERZ Caf\u00e8<\/strong> i la <strong>Barcelona Big Latin Band<\/strong>, encara en actiu, juntament amb altres propostes m\u00e9s enll\u00e0 del Gospel que he anat desenvolupant al llarg del temps.<\/p>\n\n\n\n<h2 class=\"wp-block-heading\">Primeres passes en el Gospel<\/h2>\n\n\n\n<p>Al final de la meva \u00e8poca amb la <strong>Vella Dixieland<\/strong>, vam fer una gravaci\u00f3 i posterior gira amb la cantant afroamericana origin\u00e0ria de New York, <strong>Michelle McCain<\/strong>, que em va proposar a l\u2019acabar la gira, ser el director musical del seu nou projecte de blues i soul. Vaig acceptar sense dubtar-ho, era la meva primera oportunitat de treballar i aprendre amb alg\u00fa que m\u2019ensenyaria de primera m\u00e0 el so que estava buscant de ple en aquell moment. La proposta de la Michelle va apar\u00e8ixer en el moment adequat!<\/p>\n\n\n\n<p>Despr\u00e9s de realitzar diverses gires, algunes d\u2019elles, for\u00e7a accidentades, amb el seu blues project, em va proposar muntar un nou projecte inspirat en el Gospel i llavors s\u00ed que es va obrir tot un univers musical i personal. <\/p>\n\n\n\n<p>Quan era petit, el meu pare, gran afeccionat a tota la m\u00fasica negra, m\u2019havia portat a veure algun concert de Gospel, no recordo on, per\u00f2 s\u00ed recordo la tremenda impressi\u00f3 que em va fer, malgrat jo era molt petit&#8230;les veus, el ritme, les harmonies, encara ara ho puc evocar. La proposta de la Michelle, sense saber-ho en aquell moment, em va connectar amb una part amagada de la meva infantesa i va ser determinant per tot el que vindria despr\u00e9s. S\u2019havien obert les portes del futur!<\/p>\n\n\n\n<h2 class=\"wp-block-heading\">Pioner del gospel<\/h2>\n\n\n\n<p>Els pocs m\u00fasics locals que estavem interessats en el Gospel a comen\u00e7aments  d\u2019aquest segle, anavem aprenent d\u2019on podiem i com podiem, no hi havia tradici\u00f3, no hi havia informaci\u00f3 i avan\u00e7avem a les palpentes, per\u00f2 plens d\u2019entussiasme i passi\u00f3 per una m\u00fasica que ens anava captivant m\u00e9s i m\u00e9s.<\/p>\n\n\n\n<p>Despr\u00e9s de les gires amb la Michelle (1996\/97) y m\u00e9s endavant amb la <strong>M\u00f3nica Green<\/strong> (1998\/99) i la Polif\u00f2nica de Puigreig, vaig fundar el meu primer cor a Manresa el gener del 2000, <strong>Esclat Gospel Singers<\/strong> i, quasi sense voler-ho, van apar\u00e8ixer els primers concerts. En un parell d\u2019anys ens vam convertir en portaveus d\u2019una cosa nova que fins llavors nom\u00e9s es podia escoltar en les comptades ocasions en que ens visitaven cors afroamericans.<\/p>\n\n\n\n<p>L\u2019inter\u00e8s del p\u00fablic va anar creixent r\u00e0pidament i amb ell, l\u2019inter\u00e8s de grups d&#8217;aficionats per formar nous cors. Aix\u00f2 em va portar, sense cap pla previ, a fundar uns 25 cors entre el 2000 i el 2007, fruit del resultat de l\u2019entussiasme que es generava despr\u00e9s d\u2019haver viscut i compartit un taller inicial, i formar la <strong>Xarxa Gospel de Catalunya<\/strong> que els aglutinava a tots sota la mateixa idea musical i vivencial.<\/p>\n\n\n\n<p>A partir del 2008, el creixement va ser vertigin\u00f3s: vaig comen\u00e7ar a donar infinitat de tallers, primer en l\u2019entorn m\u00e9s proper i despr\u00e9s a la resta del pais, Europa i fins i tot, a \u00c0frica; vaig fundar <strong>Barcelona Gospel Messengers<\/strong>, el primer cor professional de Gospel a Catalunya, vaig fundar <strong>Goizargi Gospel Choir, <\/strong>el primer cor professional de Gospel a Euskadi, vaig obrir dues escoles especialitzades en el Gospel a Barcelona i Euskadi; juntament amb <strong>Esclat Gospel Singers<\/strong> vam comen\u00e7ar a organitzar el <strong>Campus Gospel Rajadell <\/strong>que porta ja 15 edicions realitzades i, amb un equip m\u00e9s ampli vam posar en marxa la primera edici\u00f3 del <strong>One Heart Festival<\/strong>, el primer festival Internacional de Gospel de Barcelona, amb la seva segona edici\u00f3 ja en preparaci\u00f3 pel 2022<\/p>\n\n\n\n<p>Al mateix temps, vaig comen\u00e7ar a viatjar arreu i a col\u00b7laborar amb grans noms del Gospel Internacional com <strong>Donald Lawrence<\/strong>, <strong>Smokie Norful<\/strong>, <strong>Isaac Cates<\/strong>,<strong> Trey Mclaughlin<\/strong>, <strong>Bazil Meade<\/strong>, <strong>Lurine Cato<\/strong> o <strong>Daniel Thomas<\/strong>, i comen\u00e7ar una intensa feina de connexi\u00f3 entre els cors i directors europeus que el 2020 m&#8217;hauria d&#8217;haver portat a Firenza, Sardignia, Hull, Copenhagen, Chicago i Ghana amb el clar objectiu de compartir viv\u00e8ncies i experi\u00e8ncies m\u00e9s enll\u00e0 del fet purament musical, donant visibilitat a un gran missatge d\u2019unitat amb el Gospel i la m\u00fasica com llenguatges universals inclusius.<\/p>\n","protected":false},"excerpt":{"rendered":"<p>El gospel \u00e9s una eina perfecta per expressar emocions i connectar-se amb un mateix, per comunicar-se amb els altres i amb l\u2019univers, la seva for\u00e7a resideix en la universalitat del seu missatge que va m\u00e9s enll\u00e0 del que \u00e9s estrictament musical per endinsar-se en el terreny de les emocions humanes m\u00e9s ancestrals. Persones de qualsevol [&hellip;]<\/p>\n","protected":false},"author":1,"featured_media":0,"parent":0,"menu_order":2,"comment_status":"closed","ping_status":"closed","template":"","meta":{"_editorskit_title_hidden":false,"_editorskit_reading_time":5,"_editorskit_is_block_options_detached":false,"_editorskit_block_options_position":"{}","_genesis_hide_title":false,"_genesis_hide_breadcrumbs":false,"_genesis_hide_singular_image":false,"_genesis_hide_footer_widgets":false,"_genesis_custom_body_class":"","_genesis_custom_post_class":"","_genesis_layout":"","editor_notices":[],"footnotes":""},"class_list":{"0":"post-35","1":"page","2":"type-page","3":"status-publish","5":"entry"},"_links":{"self":[{"href":"https:\/\/ramonescale.com\/ca\/wp-json\/wp\/v2\/pages\/35","targetHints":{"allow":["GET"]}}],"collection":[{"href":"https:\/\/ramonescale.com\/ca\/wp-json\/wp\/v2\/pages"}],"about":[{"href":"https:\/\/ramonescale.com\/ca\/wp-json\/wp\/v2\/types\/page"}],"author":[{"embeddable":true,"href":"https:\/\/ramonescale.com\/ca\/wp-json\/wp\/v2\/users\/1"}],"replies":[{"embeddable":true,"href":"https:\/\/ramonescale.com\/ca\/wp-json\/wp\/v2\/comments?post=35"}],"version-history":[{"count":5,"href":"https:\/\/ramonescale.com\/ca\/wp-json\/wp\/v2\/pages\/35\/revisions"}],"predecessor-version":[{"id":748,"href":"https:\/\/ramonescale.com\/ca\/wp-json\/wp\/v2\/pages\/35\/revisions\/748"}],"wp:attachment":[{"href":"https:\/\/ramonescale.com\/ca\/wp-json\/wp\/v2\/media?parent=35"}],"curies":[{"name":"wp","href":"https:\/\/api.w.org\/{rel}","templated":true}]}}

<div class="wp-block-cover alignfull has-background-dim-20 has-background-dim has-parallax" style="background-image:url(https://ramonescale.com/wp-content/uploads/sites/2/2019/12/about-me-02.jpg);background-color:#39b39d;min-height:338px;aspect-ratio:unset;"><div class="wp-block-cover__inner-container is-layout-flow wp-block-cover-is-layout-flow">
<div class="wp-block-group hero"><div class="wp-block-group__inner-container is-layout-flow wp-block-group-is-layout-flow">
<p class="has-text-align-center">Sóc músic, en el sentit ampli de la seva accepció, em sento músic, especialitzat en la diversitat, encara que finalment he trobat una música impregnada d’espiritualitat, el gospel, que colma les meves inquietuds musicals i personals.</p>



<div class="wp-block-columns is-layout-flex wp-container-core-columns-is-layout-9d6595d7 wp-block-columns-is-layout-flex">
<div class="wp-block-column is-layout-flow wp-block-column-is-layout-flow">
<div class="wp-block-button aligncenter is-style-outline is-style-outline--1"><a class="wp-block-button__link has-very-light-gray-color has-text-color" href="https://ramonescale.com/ca/contacta/" style="border-radius:50px">Contacta amb mi</a></div>
</div>



<div class="wp-block-column is-layout-flow wp-block-column-is-layout-flow">
<div class="wp-block-button aligncenter is-style-outline is-style-outline--2"><a class="wp-block-button__link has-text-color" href="https://ramonescale.com/ca/bio/" style="color:#ffffff">Veure Bio</a></div>
</div>
</div>
</div></div>
</div></div>



<hr class="wp-block-separator" />



<div class="wp-block-columns alignwide is-layout-flex wp-container-core-columns-is-layout-9d6595d7 wp-block-columns-is-layout-flex">
<div class="wp-block-column is-layout-flow wp-block-column-is-layout-flow">
<p>El gospel és una eina perfecta per expressar emocions i connectar-se amb un mateix, per comunicar-se amb els altres i amb l’univers, la seva força resideix en la universalitat del seu missatge que va més enllà del que és estrictament musical per endinsar-se en el terreny de les emocions humanes més ancestrals.</p>



<p>Persones de qualsevol procedència o creença, connecten des de la veu i, per tant, des del cor, fonent-se en una unitat des de la diversitat, formant part de quelcom meravellós, sense perdre la pròpia identitat, la veu.</p>



<p>Tots els meus projectes, tots els meus somnis musicals es nodreixen ara del bagatge adquirit al llarg d’anys, en les arrels de les “black church” d’Amèrica, Europa i Àfrica, per després evolucionar cap a la meva pròpia vivència on es manifesta de manera intensa, visceral, propera, natural i sincera la meva passió pel gospel i totes les connotacions musicals i espirituals que comporta.</p>



<p>El meu desig és apropar el gospel a tothom, ajudar a impregnar-se del seu missatge universal, ajudar a assumir el paper imprescindible de la música a les nostres vides, no només com a consumidors passius sinó com elements 100% actius.</p>



<p>A través de totes les meves activitats et convido a viure en primera persona i en comú, l’alegria, l’energia i l&#8217;amor senzill que es generen des del gospel, on tots i cadascú de nosaltres som tan importants com el col·lectiu del que formem part.</p>



<div class="wp-block-button aligncenter"><a class="wp-block-button__link" href="https://ramonescale.com/ca/bio/">Veure Bio</a></div>
</div>



<div class="wp-block-column is-layout-flow wp-block-column-is-layout-flow">
<figure class="wp-block-image size-large"><img loading="lazy" decoding="async" width="602" height="1024" src="https://ramonescale.com/wp-content/uploads/sites/2/2019/12/RamonEscalé-©-MartaRiera-134-de-159-602x1024.jpg" alt="" class="wp-image-127" srcset="https://ramonescale.com/ca/wp-content/uploads/sites/2/2019/12/RamonEscalé-©-MartaRiera-134-de-159-602x1024.jpg 602w, https://ramonescale.com/ca/wp-content/uploads/sites/2/2019/12/RamonEscalé-©-MartaRiera-134-de-159-176x300.jpg 176w, https://ramonescale.com/ca/wp-content/uploads/sites/2/2019/12/RamonEscalé-©-MartaRiera-134-de-159-768x1306.jpg 768w, https://ramonescale.com/ca/wp-content/uploads/sites/2/2019/12/RamonEscalé-©-MartaRiera-134-de-159-903x1536.jpg 903w, https://ramonescale.com/ca/wp-content/uploads/sites/2/2019/12/RamonEscalé-©-MartaRiera-134-de-159-1205x2048.jpg 1205w, https://ramonescale.com/ca/wp-content/uploads/sites/2/2019/12/RamonEscalé-©-MartaRiera-134-de-159-scaled.jpg 1506w" sizes="auto, (max-width: 602px) 100vw, 602px" /></figure>
</div>
</div>



<div class="wp-block-cover alignfull has-background-dim-20 has-background-dim has-parallax" style="background-image:url(https://ramonescale.com/wp-content/uploads/sites/2/2019/12/about-me-01.jpg);background-color:#dd0063"><div class="wp-block-cover__inner-container is-layout-flow wp-block-cover-is-layout-flow">
<p class="has-text-align-center has-medium-font-size"><em>“Quan sóc a l’escenari, m’oblido de tot el que no sigui el que està passant en aquell precís instant, ho visc com una llarga, meravellosa i atenta meditació que genera de manera natural un estat d’absoluta connexió interior i exterior”.</em></p>
</div></div>



<hr class="wp-block-separator" />



<h2 class="wp-block-heading">D’estudiant de medicina, a músic autodidacta</h2>



<p>Vaig começar seriosament als 21 anys, després de tres anys d’estudiar medicina, encara que ja des de molt jove havia manifestat la meva passió per la música. La meva família no volia que seguís aquesta vocació així que la seva ajuda va ser més aviat escassa.</p>



<p>Això em va obligar a ser autosuficient molt aviat i després de sobrevieure amb esporàdics i variats treballs fora de l’àmbit musical, vaig començar a fer bolos de ball, bàsicament impulsat per les meves enormes ganes de ser professional, i així, començant des de zero i amb molt poca formació, em vaig anar obrint pas i aprenent tot allò que es posava al meu abast, ja fos una rumba, un pasodoble, el repertori d’un cantautor, alguna cosa de jazz, llatí o el que fos&#8230;la meva il·lusió en aquell moment era aconseguir viure de la música, fos de l’estil que fos.</p>



<h2 class="wp-block-heading">De freelance als meus propis projectes</h2>



<p>Després d’uns quants anys d’aprenentatge sobre el terreny i acompanyant a gent tan diversa com <strong>Dyango, Raimon</strong>,<strong> Lucrecia</strong>, <strong>Dagoll Dagom</strong>, <strong>Els Comediants</strong> i un llarg etc. Vaig començar a interessar-me per la música negra i concretament pel jazz, la qual cosa em va donar ales per començar a buscar el meu propi llenguatge.</p>



<p>La casualitat o la causalitat em van conduir a formar part d’un grup tan carismàtic en els anys 90 com la <strong>Vella Dixieland</strong>, on vaig donar un pas determinant en el meu desenvolupament musical: vaig passar d’ésser “acompanyant” a “artista”, situació que donava major visibilitat a què tocava i com ho tocava. Aquells anys van ser crucials en la meva formació i em van llançar de ple a començar a voler plasmar les meves pròpies inquietuds creatives.</p>



<p>En aquella època van néixer els meus primers projectes personals como el meu Jazz Trio <strong>ERZ Cafè</strong> i la <strong>Barcelona Big Latin Band</strong>, encara en actiu, juntament amb altres propostes més enllà del Gospel que he anat desenvolupant al llarg del temps.</p>



<h2 class="wp-block-heading">Primeres passes en el Gospel</h2>



<p>Al final de la meva època amb la <strong>Vella Dixieland</strong>, vam fer una gravació i posterior gira amb la cantant afroamericana originària de New York, <strong>Michelle McCain</strong>, que em va proposar a l’acabar la gira, ser el director musical del seu nou projecte de blues i soul. Vaig acceptar sense dubtar-ho, era la meva primera oportunitat de treballar i aprendre amb algú que m’ensenyaria de primera mà el so que estava buscant de ple en aquell moment. La proposta de la Michelle va aparèixer en el moment adequat!</p>



<p>Després de realitzar diverses gires, algunes d’elles, força accidentades, amb el seu blues project, em va proposar muntar un nou projecte inspirat en el Gospel i llavors sí que es va obrir tot un univers musical i personal. </p>



<p>Quan era petit, el meu pare, gran afeccionat a tota la música negra, m’havia portat a veure algun concert de Gospel, no recordo on, però sí recordo la tremenda impressió que em va fer, malgrat jo era molt petit&#8230;les veus, el ritme, les harmonies, encara ara ho puc evocar. La proposta de la Michelle, sense saber-ho en aquell moment, em va connectar amb una part amagada de la meva infantesa i va ser determinant per tot el que vindria després. S’havien obert les portes del futur!</p>



<h2 class="wp-block-heading">Pioner del gospel</h2>



<p>Els pocs músics locals que estavem interessats en el Gospel a començaments  d’aquest segle, anavem aprenent d’on podiem i com podiem, no hi havia tradició, no hi havia informació i avançavem a les palpentes, però plens d’entussiasme i passió per una música que ens anava captivant més i més.</p>



<p>Després de les gires amb la Michelle (1996/97) y més endavant amb la <strong>Mónica Green</strong> (1998/99) i la Polifònica de Puigreig, vaig fundar el meu primer cor a Manresa el gener del 2000, <strong>Esclat Gospel Singers</strong> i, quasi sense voler-ho, van aparèixer els primers concerts. En un parell d’anys ens vam convertir en portaveus d’una cosa nova que fins llavors només es podia escoltar en les comptades ocasions en que ens visitaven cors afroamericans.</p>



<p>L’interès del públic va anar creixent ràpidament i amb ell, l’interès de grups d&#8217;aficionats per formar nous cors. Això em va portar, sense cap pla previ, a fundar uns 25 cors entre el 2000 i el 2007, fruit del resultat de l’entussiasme que es generava després d’haver viscut i compartit un taller inicial, i formar la <strong>Xarxa Gospel de Catalunya</strong> que els aglutinava a tots sota la mateixa idea musical i vivencial.</p>



<p>A partir del 2008, el creixement va ser vertiginós: vaig començar a donar infinitat de tallers, primer en l’entorn més proper i després a la resta del pais, Europa i fins i tot, a Àfrica; vaig fundar <strong>Barcelona Gospel Messengers</strong>, el primer cor professional de Gospel a Catalunya, vaig fundar <strong>Goizargi Gospel Choir, </strong>el primer cor professional de Gospel a Euskadi, vaig obrir dues escoles especialitzades en el Gospel a Barcelona i Euskadi; juntament amb <strong>Esclat Gospel Singers</strong> vam començar a organitzar el <strong>Campus Gospel Rajadell </strong>que porta ja 15 edicions realitzades i, amb un equip més ampli vam posar en marxa la primera edició del <strong>One Heart Festival</strong>, el primer festival Internacional de Gospel de Barcelona, amb la seva segona edició ja en preparació pel 2022</p>



<p>Al mateix temps, vaig començar a viatjar arreu i a col·laborar amb grans noms del Gospel Internacional com <strong>Donald Lawrence</strong>, <strong>Smokie Norful</strong>, <strong>Isaac Cates</strong>,<strong> Trey Mclaughlin</strong>, <strong>Bazil Meade</strong>, <strong>Lurine Cato</strong> o <strong>Daniel Thomas</strong>, i començar una intensa feina de connexió entre els cors i directors europeus que el 2020 m&#8217;hauria d&#8217;haver portat a Firenza, Sardignia, Hull, Copenhagen, Chicago i Ghana amb el clar objectiu de compartir vivències i experiències més enllà del fet purament musical, donant visibilitat a un gran missatge d’unitat amb el Gospel i la música com llenguatges universals inclusius.</p>

<p>El gospel és una eina perfecta per expressar emocions i connectar-se amb un mateix, per comunicar-se amb els altres i amb l’univers, la seva força resideix en la universalitat del seu missatge que va més enllà del que és estrictament musical per endinsar-se en el terreny de les emocions humanes més ancestrals. Persones de qualsevol [&hellip;]</p>
