{"id":379,"date":"2020-03-04T11:38:01","date_gmt":"2020-03-04T10:38:01","guid":{"rendered":"https:\/\/ramonescale.com\/curriculum\/"},"modified":"2025-09-22T13:27:27","modified_gmt":"2025-09-22T11:27:27","slug":"bio","status":"publish","type":"page","link":"https:\/\/ramonescale.com\/ca\/bio\/","title":{"rendered":"Bio"},"content":{"rendered":"\n<p>Director, pianista, compositor i arranjador. Manresa 1959.<\/p>\n\n\n\n<p>T\u00edtol Superior de M\u00fasica a l\u2019Escola Superior de M\u00fasica de Catalunya. 2010.<\/p>\n\n\n\n<h3 class=\"wp-block-heading\">Direcci\u00f3<\/h3>\n\n\n\n<ul class=\"wp-block-list\">\n<li><strong>Barcelona Gospel Messengers<\/strong> ( Bcn). Des del 2008. Fundador<\/li>\n\n\n\n<li><strong>Esclat Gospel Singers<\/strong> (Manresa). 2000\/2025. Fundador<\/li>\n\n\n\n<li><strong>Goizargi Gospel Choir <\/strong>( Euskadi). Des del 2017. Fundador<\/li>\n\n\n\n<li><strong>Cors de Gospel del Conservatori del Liceu<\/strong> (Barcelona). 2008\/ 2019.<\/li>\n\n\n\n<li><strong>Barcelona Big Latin Band<\/strong>. Des del 1996. Fundador<\/li>\n<\/ul>\n\n\n\n<h3 class=\"wp-block-heading\">Creador, director i arranjador dels espectacles<\/h3>\n\n\n\n<ul class=\"wp-block-list\">\n<li><strong><strong><a class=\"ek-link\" href=\"https:\/\/ramonescale.com\/ca\/espectacles\/simfonic-gospel\/\">Symphonic Gospel<\/a><\/strong>. <\/strong>Banda Simf\u00f2nica &amp; Bcn Gospel Messengers<\/li>\n\n\n\n<li><strong>To Amy.<\/strong> Andrea Motis &amp; Bcn Gospel Messengers<\/li>\n\n\n\n<li><a href=\"https:\/\/ramonescale.com\/ca\/espectacles\/gospel-meets-flamenco\/\" class=\"ek-link\"><strong>Gospel meets Flamenco<\/strong><\/a>. The Lamento. Ramon Escal\u00e9 Group<\/li>\n\n\n\n<li><strong><strong><a href=\"https:\/\/ramonescale.com\/ca\/espectacles\/listen-to-the-music\/\" class=\"ek-link\">Listen to the music!<\/a>. <\/strong><\/strong>Bcn Gospel Messengers<\/li>\n\n\n\n<li><strong><strong><a href=\"https:\/\/ramonescale.com\/ca\/espectacles\/indians-cancons-danada-i-tornada\/\" class=\"ek-link\">Indians. M\u00fasica d\u2019anada i tornada<\/a><\/strong> . <\/strong>Strings Camerata Bacasis, RE Latin trio and Marta Riera<\/li>\n\n\n\n<li><strong><strong><a href=\"https:\/\/ramonescale.com\/ca\/espectacles\/gospel-meets-latin\/\" class=\"ek-link\">Gospel meets Latin<\/a>. <\/strong><\/strong>London Community Gospel Choir, Messengers and Barcelona Big Latin Band<\/li>\n\n\n\n<li><strong><strong><a href=\"https:\/\/ramonescale.com\/ca\/espectacles\/from-the-heart-of-africa\/\">From the Heart of Africa<\/a>. <\/strong><\/strong>Esclat Gospel Singers &amp; Barcelona Big Latin Band<\/li>\n\n\n\n<li><strong><strong>One Heart Concerts<\/strong>. <\/strong>Bcn Gospel Messengers &amp; Esclat Gospel Singers &amp; One Heart Choir<\/li>\n\n\n\n<li><strong><strong>Pavana Club. <\/strong><\/strong>Barcelona Big Latin Band<\/li>\n\n\n\n<li><strong><strong>Be Here Now. George Harrison Tribute. <\/strong><\/strong>Bcn Gospel Messengers<\/li>\n\n\n\n<li><strong><strong>Suite Llatina 0.7. <\/strong><\/strong>Barcelona Big Latin Band<\/li>\n\n\n\n<li><strong><strong>From roots to Heaven. <\/strong><\/strong>Esclat Gospel Singers &amp; Kessengue Ensemble<\/li>\n<\/ul>\n\n\n\n<h3 class=\"wp-block-heading\">Col\u00b7laboracions <\/h3>\n\n\n\n<ul class=\"wp-block-list\">\n<li><strong>Gospel:<\/strong>\n<ul class=\"wp-block-list\">\n<li><strong>Bazil Meade &amp; London Community Gospel Choir<\/strong> (UK), <strong>Didier Likeng<\/strong> (BEL), <strong>Donald Lawrence<\/strong> (USA), <strong>Theresa Kis<\/strong> (Congo) <strong>Smokie Norful<\/strong> (USA), <strong>Daniel Thomas<\/strong> (UK), <strong>Linda Tillery &amp; the Cultural Heritage Choir<\/strong> (USA). <strong>Andrea Encinas<\/strong> (UK), <strong>Isaac Cates <\/strong>(USA), <strong>Lurine Cato<\/strong> (UK), <strong>Trey McLaughlin and The Sounds of Zamar <\/strong>(USA), <strong>Monica Bernassola<\/strong> (It\u00e0lia ), <strong>Jason Taylor<\/strong> (USA), <strong>Rosemary Cosby<\/strong> (USA), <strong>James Numbere<\/strong> (NIG)<\/li>\n<\/ul>\n<\/li>\n\n\n\n<li><strong>Latin jazz:<\/strong>\n<ul class=\"wp-block-list\">\n<li><strong>Barcelona Big Latin Band<\/strong> &amp; <strong>Chucho Vald\u00e9s, Omara Portuondo, Paquito d\u2019Rivera, Jerry Gonz\u00e1lez, Lucrecia, Telva Rojas, Jos\u00e9 Lu\u00eds Cort\u00e9s \u201cEl Tosco\u201d.<\/strong><\/li>\n<\/ul>\n<\/li>\n\n\n\n<li><strong>Altres:<\/strong>\n<ul class=\"wp-block-list\">\n<li><strong>Banda Municipal de Barcelona, La Locomotora Negra, Spanish Brass Quintet, Andrea Motis, Banda Municipal de Val\u00e8ncia, Dagoll Dagom, Big Mama, Jordi Molina, La Vella Dixieland, Banda Municipal de Bilbao, Banda de la Lira Ampostina, Paula Dom\u00ednguez, Els Comediants<\/strong>, <strong>Camerata Bacasis<\/strong>, <strong>Raimon, Txarango<\/strong>, <strong>Cor Jove Amics de la Uni\u00f3<\/strong><\/li>\n<\/ul>\n<\/li>\n<\/ul>\n\n\n\n<h3 class=\"wp-block-heading\">Productor i director dels esdeveniments<\/h3>\n\n\n\n<ul class=\"wp-block-list\">\n<li><a class=\"ek-link\" href=\"https:\/\/ramonescale.com\/es\/eventos-fundacion\/campus-gospel-rajadell\/\"><strong>Campus Gospel Rajadel. <\/strong>10 editions.<\/a><\/li>\n\n\n\n<li><a class=\"ek-link\" href=\"https:\/\/ramonescale.com\/es\/eventos-fundacion\/one-heart-gospel-festival\/\"><strong>One Heart Gospel Festival.<\/strong> <strong>\u00a0<\/strong>5 editions.<\/a><\/li>\n\n\n\n<li><strong>Unity. 400 voices for peace. <\/strong>First edition on 2018.&nbsp;<\/li>\n\n\n\n<li><strong>Zuia Gospel Camp. <\/strong>First edition on 2022.&nbsp;<\/li>\n\n\n\n<li><strong>Unity. Clasijazz Gospel Festival<\/strong>. First edition on 2026<\/li>\n<\/ul>\n\n\n\n<h3 class=\"wp-block-heading\">Col\u00b7laboracions socials:<\/h3>\n\n\n\n<ul class=\"wp-block-list\">\n<li><strong>Great Gospel Singers<\/strong> a Chazon Children Center a Molo (Kenya)<\/li>\n\n\n\n<li><strong>Safari Children\u2019s Choir <\/strong>a New life School. Entebbe (Uganda)<\/li>\n<\/ul>\n\n\n\n<h3 class=\"wp-block-heading\">Pedagogia. Director i fundador:<\/h3>\n\n\n\n<ul class=\"wp-block-list\">\n<li><strong>Messengers Gospel College <\/strong>(Barna) 2014-2019. <\/li>\n\n\n\n<li><strong>Izar Gospel Unity<\/strong> (Euskadi) Des de 2019<\/li>\n\n\n\n<li><strong>Arteta Gospel School<\/strong> (Barakaldo) 2017-2019. <\/li>\n\n\n\n<li><strong>Conservatori Superior del Liceu <\/strong>(Bcn) Professor de cor. 2006-2019.<\/li>\n\n\n\n<li><strong>Escola Gospel Taller de M\u00fasics<\/strong> (Bcn). 2010-2014<\/li>\n\n\n\n<li><strong><a class=\"ek-link\" href=\"https:\/\/ramonescale.com\/ca\/formacio\/workshops\/\">Workshops<\/a>: <\/strong>He impartit al voltant de 400 workshops arreu, majorit\u00e0riament a Catalunya per\u00f2 tamb\u00e9 a Menorca, Madrid, Sevilla, Vitoria, Mallorca, Burgos, Val\u00e8ncia, Almer\u00eda, Miranda de Ebro, Bilbao, Barakaldo, Getxo, Portugalete, Plentzia, Eivissa, Tenerife, Lanzarote, La Palma, Pamplona, aix\u00ed com a Alemanya, Fran\u00e7a, It\u00e0lia, Su\u00efssa, Sardenya, Anglaterra, Kenya i Uganda.<\/li>\n<\/ul>\n\n\n\n<h3 class=\"wp-block-heading\">Col\u00b7laboracions pedag\u00f2giques Internacionals<\/h3>\n\n\n\n<ul class=\"wp-block-list\">\n<li><strong>British Gospel Arts<\/strong> (London)<\/li>\n\n\n\n<li><strong>Music Mission Trips<\/strong> (USA)<\/li>\n<\/ul>\n\n\n\n<h3 class=\"wp-block-heading\">Discografia com l\u00edder:<\/h3>\n\n\n\n<ul class=\"wp-block-list\">\n<li><strong>Barcelona Gospel Messengers<\/strong> &#8220;<em>Listen to the music<\/em>&#8220;<\/li>\n\n\n\n<li><strong>Barcelona Gospel Messengers<\/strong> &#8220;<em>What&#8217;s going on?<\/em>&#8221; <em>Messengers sing Motown<\/em><\/li>\n\n\n\n<li><strong>Barcelona Gospel Messengers<\/strong><em> \u201cGo higher \u201c<\/em><\/li>\n\n\n\n<li><strong>Barcelona Gospel Messengers<\/strong><em> \u201cBe Here Now. George Harrison Tribute\u201c<\/em><\/li>\n\n\n\n<li><strong>Barcelona Gospel Messengers&amp; Paula Dom\u00ednguez<\/strong> <em>\u201cGospel meets flamenco \u201c<\/em><\/li>\n\n\n\n<li><strong>Barcelona Big Latin Band<\/strong>. \u201c<em>Live <\/em>\u201d&nbsp;<\/li>\n\n\n\n<li><strong>Barcelona Big Latin Band<\/strong>. \u201c<em>Bueno pa Gozar <\/em>\u201d&nbsp; ,<\/li>\n\n\n\n<li><strong>Barcelona Big Latin Band<\/strong>. \u201c<em>Suite Llatina 0.7 <\/em>\u201d<\/li>\n\n\n\n<li><strong>Barcelona Big Latin Band<\/strong>. <em>Pavana Club \u201c<\/em><\/li>\n\n\n\n<li><strong>Esclat Gospel Singers<\/strong>. \u201c<em>Esclat Gospel<\/em> \u201d<\/li>\n\n\n\n<li><strong>Esclat Gospel Singers &amp; Big Band de la Uni\u00f3 Musical del Bages<\/strong> \u201c<em>Pla\u00e7a Reial<\/em>\u201d<\/li>\n\n\n\n<li><strong>Esclat Gospel Singers<\/strong> \u201c<em>The Gospel Machine<\/em> \u201c<\/li>\n\n\n\n<li><strong>Esclat Gospel Singers &amp; Big Mama<\/strong> \u201c<em>From Roots to Heaven\u201d<\/em><\/li>\n\n\n\n<li><strong>Esclat Gospel Singers<\/strong> \u201c<em>Spirituals\u201d<\/em><\/li>\n\n\n\n<li><strong>Esclat Gospel Singers<\/strong>.<em>\u201d From the Heart of \u00c1frica \u201c<\/em><\/li>\n\n\n\n<li><strong>Jordi Molina &amp; Ramon Escal\u00e9<\/strong> . \u201c <em>Mosaic <\/em>\u201d<\/li>\n\n\n\n<li><strong>Jordi Molina &amp; Ramon Escal\u00e9<\/strong>. \u201c <em>De viatge <\/em>\u201d<\/li>\n\n\n\n<li><strong>Escal\u00e9 &amp; Ribalta &amp; Zamora<\/strong> . \u201c <em>ERZ Caf\u00e8 <\/em>\u201d<\/li>\n<\/ul>\n\n\n\n<h3 class=\"wp-block-heading\">Premis<\/h3>\n\n\n\n<ul class=\"wp-block-list\">\n<li><strong>Jazz Musicians Association Award 2001. Best Big Band conductor.<\/strong><\/li>\n\n\n\n<li><strong>Jazz Musicians Association Award 2002. Best Big Band conductor.&nbsp;<\/strong><\/li>\n\n\n\n<li><strong>Enderrock Award Best Jazz Album 2013 \u201cPavana Club\u201d Barcelona Big Latin Band&nbsp;&nbsp;&nbsp;&nbsp;&nbsp;&nbsp;&nbsp;&nbsp;&nbsp;&nbsp;<\/strong><\/li>\n\n\n\n<li><strong>Enderrock Award Best Jazz Album 2017 \u201cBe Here Now: George Harrison Tribute\u201d Barcelona Gospel Messengers.<\/strong><\/li>\n<\/ul>\n\n\n\n<p><\/p>\n","protected":false},"excerpt":{"rendered":"<p>Director, pianista, compositor i arranjador. Manresa 1959. T\u00edtol Superior de M\u00fasica a l\u2019Escola Superior de M\u00fasica de Catalunya. 2010. Direcci\u00f3 Creador, director i arranjador dels espectacles Col\u00b7laboracions Productor i director dels esdeveniments Col\u00b7laboracions socials: Pedagogia. Director i fundador: Col\u00b7laboracions pedag\u00f2giques Internacionals Discografia com l\u00edder: Premis<\/p>\n","protected":false},"author":1,"featured_media":0,"parent":0,"menu_order":3,"comment_status":"closed","ping_status":"closed","template":"","meta":{"_editorskit_title_hidden":false,"_editorskit_reading_time":2,"_editorskit_is_block_options_detached":false,"_editorskit_block_options_position":"{}","_genesis_hide_title":false,"_genesis_hide_breadcrumbs":false,"_genesis_hide_singular_image":false,"_genesis_hide_footer_widgets":false,"_genesis_custom_body_class":"","_genesis_custom_post_class":"","_genesis_layout":"","editor_notices":[],"footnotes":""},"class_list":{"0":"post-379","1":"page","2":"type-page","3":"status-publish","5":"entry"},"_links":{"self":[{"href":"https:\/\/ramonescale.com\/ca\/wp-json\/wp\/v2\/pages\/379","targetHints":{"allow":["GET"]}}],"collection":[{"href":"https:\/\/ramonescale.com\/ca\/wp-json\/wp\/v2\/pages"}],"about":[{"href":"https:\/\/ramonescale.com\/ca\/wp-json\/wp\/v2\/types\/page"}],"author":[{"embeddable":true,"href":"https:\/\/ramonescale.com\/ca\/wp-json\/wp\/v2\/users\/1"}],"replies":[{"embeddable":true,"href":"https:\/\/ramonescale.com\/ca\/wp-json\/wp\/v2\/comments?post=379"}],"version-history":[{"count":34,"href":"https:\/\/ramonescale.com\/ca\/wp-json\/wp\/v2\/pages\/379\/revisions"}],"predecessor-version":[{"id":876,"href":"https:\/\/ramonescale.com\/ca\/wp-json\/wp\/v2\/pages\/379\/revisions\/876"}],"wp:attachment":[{"href":"https:\/\/ramonescale.com\/ca\/wp-json\/wp\/v2\/media?parent=379"}],"curies":[{"name":"wp","href":"https:\/\/api.w.org\/{rel}","templated":true}]}}

<p>Director, pianista, compositor i arranjador. Manresa 1959.</p>



<p>Títol Superior de Música a l’Escola Superior de Música de Catalunya. 2010.</p>



<h3 class="wp-block-heading">Direcció</h3>



<ul class="wp-block-list">
<li><strong>Barcelona Gospel Messengers</strong> ( Bcn). Des del 2008. Fundador</li>



<li><strong>Esclat Gospel Singers</strong> (Manresa). 2000/2025. Fundador</li>



<li><strong>Goizargi Gospel Choir </strong>( Euskadi). Des del 2017. Fundador</li>



<li><strong>Cors de Gospel del Conservatori del Liceu</strong> (Barcelona). 2008/ 2019.</li>



<li><strong>Barcelona Big Latin Band</strong>. Des del 1996. Fundador</li>
</ul>



<h3 class="wp-block-heading">Creador, director i arranjador dels espectacles</h3>



<ul class="wp-block-list">
<li><strong><strong><a class="ek-link" href="https://ramonescale.com/ca/espectacles/simfonic-gospel/">Symphonic Gospel</a></strong>. </strong>Banda Simfònica &amp; Bcn Gospel Messengers</li>



<li><strong>To Amy.</strong> Andrea Motis &amp; Bcn Gospel Messengers</li>



<li><a href="https://ramonescale.com/ca/espectacles/gospel-meets-flamenco/" class="ek-link"><strong>Gospel meets Flamenco</strong></a>. The Lamento. Ramon Escalé Group</li>



<li><strong><strong><a href="https://ramonescale.com/ca/espectacles/listen-to-the-music/" class="ek-link">Listen to the music!</a>. </strong></strong>Bcn Gospel Messengers</li>



<li><strong><strong><a href="https://ramonescale.com/ca/espectacles/indians-cancons-danada-i-tornada/" class="ek-link">Indians. Música d’anada i tornada</a></strong> . </strong>Strings Camerata Bacasis, RE Latin trio and Marta Riera</li>



<li><strong><strong><a href="https://ramonescale.com/ca/espectacles/gospel-meets-latin/" class="ek-link">Gospel meets Latin</a>. </strong></strong>London Community Gospel Choir, Messengers and Barcelona Big Latin Band</li>



<li><strong><strong><a href="https://ramonescale.com/ca/espectacles/from-the-heart-of-africa/">From the Heart of Africa</a>. </strong></strong>Esclat Gospel Singers &amp; Barcelona Big Latin Band</li>



<li><strong><strong>One Heart Concerts</strong>. </strong>Bcn Gospel Messengers &amp; Esclat Gospel Singers &amp; One Heart Choir</li>



<li><strong><strong>Pavana Club. </strong></strong>Barcelona Big Latin Band</li>



<li><strong><strong>Be Here Now. George Harrison Tribute. </strong></strong>Bcn Gospel Messengers</li>



<li><strong><strong>Suite Llatina 0.7. </strong></strong>Barcelona Big Latin Band</li>



<li><strong><strong>From roots to Heaven. </strong></strong>Esclat Gospel Singers &amp; Kessengue Ensemble</li>
</ul>



<h3 class="wp-block-heading">Col·laboracions </h3>



<ul class="wp-block-list">
<li><strong>Gospel:</strong>
<ul class="wp-block-list">
<li><strong>Bazil Meade &amp; London Community Gospel Choir</strong> (UK), <strong>Didier Likeng</strong> (BEL), <strong>Donald Lawrence</strong> (USA), <strong>Theresa Kis</strong> (Congo) <strong>Smokie Norful</strong> (USA), <strong>Daniel Thomas</strong> (UK), <strong>Linda Tillery &amp; the Cultural Heritage Choir</strong> (USA). <strong>Andrea Encinas</strong> (UK), <strong>Isaac Cates </strong>(USA), <strong>Lurine Cato</strong> (UK), <strong>Trey McLaughlin and The Sounds of Zamar </strong>(USA), <strong>Monica Bernassola</strong> (Itàlia ), <strong>Jason Taylor</strong> (USA), <strong>Rosemary Cosby</strong> (USA), <strong>James Numbere</strong> (NIG)</li>
</ul>
</li>



<li><strong>Latin jazz:</strong>
<ul class="wp-block-list">
<li><strong>Barcelona Big Latin Band</strong> &amp; <strong>Chucho Valdés, Omara Portuondo, Paquito d’Rivera, Jerry González, Lucrecia, Telva Rojas, José Luís Cortés “El Tosco”.</strong></li>
</ul>
</li>



<li><strong>Altres:</strong>
<ul class="wp-block-list">
<li><strong>Banda Municipal de Barcelona, La Locomotora Negra, Spanish Brass Quintet, Andrea Motis, Banda Municipal de València, Dagoll Dagom, Big Mama, Jordi Molina, La Vella Dixieland, Banda Municipal de Bilbao, Banda de la Lira Ampostina, Paula Domínguez, Els Comediants</strong>, <strong>Camerata Bacasis</strong>, <strong>Raimon, Txarango</strong>, <strong>Cor Jove Amics de la Unió</strong></li>
</ul>
</li>
</ul>



<h3 class="wp-block-heading">Productor i director dels esdeveniments</h3>



<ul class="wp-block-list">
<li><a class="ek-link" href="https://ramonescale.com/es/eventos-fundacion/campus-gospel-rajadell/"><strong>Campus Gospel Rajadel. </strong>10 editions.</a></li>



<li><a class="ek-link" href="https://ramonescale.com/es/eventos-fundacion/one-heart-gospel-festival/"><strong>One Heart Gospel Festival.</strong> <strong> </strong>5 editions.</a></li>



<li><strong>Unity. 400 voices for peace. </strong>First edition on 2018.&nbsp;</li>



<li><strong>Zuia Gospel Camp. </strong>First edition on 2022.&nbsp;</li>



<li><strong>Unity. Clasijazz Gospel Festival</strong>. First edition on 2026</li>
</ul>



<h3 class="wp-block-heading">Col·laboracions socials:</h3>



<ul class="wp-block-list">
<li><strong>Great Gospel Singers</strong> a Chazon Children Center a Molo (Kenya)</li>



<li><strong>Safari Children’s Choir </strong>a New life School. Entebbe (Uganda)</li>
</ul>



<h3 class="wp-block-heading">Pedagogia. Director i fundador:</h3>



<ul class="wp-block-list">
<li><strong>Messengers Gospel College </strong>(Barna) 2014-2019. </li>



<li><strong>Izar Gospel Unity</strong> (Euskadi) Des de 2019</li>



<li><strong>Arteta Gospel School</strong> (Barakaldo) 2017-2019. </li>



<li><strong>Conservatori Superior del Liceu </strong>(Bcn) Professor de cor. 2006-2019.</li>



<li><strong>Escola Gospel Taller de Músics</strong> (Bcn). 2010-2014</li>



<li><strong><a class="ek-link" href="https://ramonescale.com/ca/formacio/workshops/">Workshops</a>: </strong>He impartit al voltant de 400 workshops arreu, majoritàriament a Catalunya però també a Menorca, Madrid, Sevilla, Vitoria, Mallorca, Burgos, València, Almería, Miranda de Ebro, Bilbao, Barakaldo, Getxo, Portugalete, Plentzia, Eivissa, Tenerife, Lanzarote, La Palma, Pamplona, així com a Alemanya, França, Itàlia, Suïssa, Sardenya, Anglaterra, Kenya i Uganda.</li>
</ul>



<h3 class="wp-block-heading">Col·laboracions pedagògiques Internacionals</h3>



<ul class="wp-block-list">
<li><strong>British Gospel Arts</strong> (London)</li>



<li><strong>Music Mission Trips</strong> (USA)</li>
</ul>



<h3 class="wp-block-heading">Discografia com líder:</h3>



<ul class="wp-block-list">
<li><strong>Barcelona Gospel Messengers</strong> &#8220;<em>Listen to the music</em>&#8220;</li>



<li><strong>Barcelona Gospel Messengers</strong> &#8220;<em>What&#8217;s going on?</em>&#8221; <em>Messengers sing Motown</em></li>



<li><strong>Barcelona Gospel Messengers</strong><em> “Go higher “</em></li>



<li><strong>Barcelona Gospel Messengers</strong><em> “Be Here Now. George Harrison Tribute“</em></li>



<li><strong>Barcelona Gospel Messengers&amp; Paula Domínguez</strong> <em>“Gospel meets flamenco “</em></li>



<li><strong>Barcelona Big Latin Band</strong>. “<em>Live </em>”&nbsp;</li>



<li><strong>Barcelona Big Latin Band</strong>. “<em>Bueno pa Gozar </em>”&nbsp; ,</li>



<li><strong>Barcelona Big Latin Band</strong>. “<em>Suite Llatina 0.7 </em>”</li>



<li><strong>Barcelona Big Latin Band</strong>. <em>Pavana Club “</em></li>



<li><strong>Esclat Gospel Singers</strong>. “<em>Esclat Gospel</em> ”</li>



<li><strong>Esclat Gospel Singers &amp; Big Band de la Unió Musical del Bages</strong> “<em>Plaça Reial</em>”</li>



<li><strong>Esclat Gospel Singers</strong> “<em>The Gospel Machine</em> “</li>



<li><strong>Esclat Gospel Singers &amp; Big Mama</strong> “<em>From Roots to Heaven”</em></li>



<li><strong>Esclat Gospel Singers</strong> “<em>Spirituals”</em></li>



<li><strong>Esclat Gospel Singers</strong>.<em>” From the Heart of África “</em></li>



<li><strong>Jordi Molina &amp; Ramon Escalé</strong> . “ <em>Mosaic </em>”</li>



<li><strong>Jordi Molina &amp; Ramon Escalé</strong>. “ <em>De viatge </em>”</li>



<li><strong>Escalé &amp; Ribalta &amp; Zamora</strong> . “ <em>ERZ Cafè </em>”</li>
</ul>



<h3 class="wp-block-heading">Premis</h3>



<ul class="wp-block-list">
<li><strong>Jazz Musicians Association Award 2001. Best Big Band conductor.</strong></li>



<li><strong>Jazz Musicians Association Award 2002. Best Big Band conductor.&nbsp;</strong></li>



<li><strong>Enderrock Award Best Jazz Album 2013 “Pavana Club” Barcelona Big Latin Band&nbsp;&nbsp;&nbsp;&nbsp;&nbsp;&nbsp;&nbsp;&nbsp;&nbsp;&nbsp;</strong></li>



<li><strong>Enderrock Award Best Jazz Album 2017 “Be Here Now: George Harrison Tribute” Barcelona Gospel Messengers.</strong></li>
</ul>



<p></p>

<p>Director, pianista, compositor i arranjador. Manresa 1959. Títol Superior de Música a l’Escola Superior de Música de Catalunya. 2010. Direcció Creador, director i arranjador dels espectacles Col·laboracions Productor i director dels esdeveniments Col·laboracions socials: Pedagogia. Director i fundador: Col·laboracions pedagògiques Internacionals Discografia com líder: Premis</p>
