{"id":392,"date":"2020-03-04T14:39:47","date_gmt":"2020-03-04T13:39:47","guid":{"rendered":"https:\/\/ramonescale.com\/?page_id=392"},"modified":"2020-05-27T17:55:12","modified_gmt":"2020-05-27T15:55:12","slug":"workshops","status":"publish","type":"page","link":"https:\/\/ramonescale.com\/ca\/formacio\/workshops\/","title":{"rendered":"Workshops"},"content":{"rendered":"\n<ul class=\"wp-block-list\"><li><a class=\"ek-link ek-link\" href=\"#Gospel-Spirituals\">Gospel &amp; Spirituals<\/a><\/li><li><a href=\"#Old-Gospel-School\">Old Gospel School<\/a><\/li><li><a href=\"#Contemporary-Gospel\">Contemporary Gospel<\/a><\/li><li><a href=\"#Spirituals-a-Capella\">Spirituals a Capella<\/a><\/li><li><a href=\"#African-Gospel\">African Gospel<\/a><\/li><\/ul>\n\n\n\n<h3 class=\"wp-block-heading\"><strong>Metodologia<\/strong>:<\/h3>\n\n\n\n<ul class=\"wp-block-list\"><li>Desenvolupar la plena atenci\u00f3 i concentraci\u00f3 en el moment present a trav\u00e9s d\u2019un alt ritme d\u2019aprenentatge i assimilaci\u00f3.\u00a0<\/li><li>Integrar en la nostra idiosincr\u00e0sia \u201coccidental i blanca\u201d un fet tan racial i de tradici\u00f3 com \u00e9s el gospel d\u2019arrel a trav\u00e9s d\u2019audicions i exercicis pr\u00e0ctics d\u2019aplicaci\u00f3 immediata.\u00a0<\/li><li>Aprendre i sentir el gospel des de la implicaci\u00f3 musical i emocional.\u00a0<\/li><li>Es facilitaran partitures, links i audios dels temes pel seu aprenentatge anterior a la realitzaci\u00f3 del taller. <\/li><\/ul>\n\n\n\n<h3 class=\"wp-block-heading\"><strong>Eines \/ T\u00e8cniques<\/strong>:<\/h3>\n\n\n\n<ul class=\"wp-block-list\"><li>Control i consci\u00e8ncia de l\u2019afinaci\u00f3.<\/li><li>Pr\u00e0ctica i distinci\u00f3 dels diferents colors vocals aplicats al gospel\u00a0<\/li><li>Cantar en la pulsaci\u00f3 r\u00edtmica \u201cin the pocket\u201d, i interioritzar el concepte de pes r\u00edtmic.\u00a0<\/li><li>Comprensi\u00f3 i pr\u00e0ctica dels ritmes m\u00e9s habituals: binaris i ternaris.\u00a0<\/li><li>Control i pr\u00e0ctica de les din\u00e0miques, accents, articulacions i lligadures d\u2019expressi\u00f3.\u00a0<\/li><li>Improvisaci\u00f3, expressivitat i interpretaci\u00f3<\/li><li>Connexi\u00f3 r\u00edtmico-corporal.<\/li><\/ul>\n\n\n\n<h3 class=\"wp-block-heading\">Format: (a escollir)<\/h3>\n\n\n\n<ul class=\"wp-block-list\"><li>Des de sessions de 6h a cap de setmana sencer<\/li><\/ul>\n\n\n\n<h3 class=\"wp-block-heading\">Grups: <\/h3>\n\n\n\n<ul class=\"wp-block-list\"><li>Per la realitzaci\u00f3 d\u2019un workshop \u00e9s necessari un m\u00ednim de 20 persones<\/li><\/ul>\n\n\n\n<h3 class=\"wp-block-heading\"><strong>T\u2019interessa si<\/strong>\u2026:<\/h3>\n\n\n\n<div class=\"wp-block-columns is-layout-flex wp-container-core-columns-is-layout-9d6595d7 wp-block-columns-is-layout-flex\">\n<div class=\"wp-block-column is-layout-flow wp-block-column-is-layout-flow\">\n<h4 class=\"wp-block-heading\">Nivell B\u00e0sic (Repertori 1)<\/h4>\n\n\n\n<ul class=\"wp-block-list\"><li><strong>Si a dins teu sents que vols cantar<\/strong>, per\u00f2 creus que no pots fer-ho&#8230; \u00a1La m\u00fasica es un dret universal!<\/li><li>Si cantes en un cor i <strong>tens curiositat <\/strong>per saber qu\u00e8 \u00e9s el gospel.<\/li><li>Si ja cantes en un cor de gospel per\u00f2 vols <strong>aprofundir m\u00e9s<\/strong>.<\/li><\/ul>\n<\/div>\n\n\n\n<div class=\"wp-block-column is-layout-flow wp-block-column-is-layout-flow\">\n<h4 class=\"wp-block-heading\">Nivell Mitj\u00e0 o Avan\u00e7at <br> (Repertoris 2 \/ 3 \/ 4 \/ 5)<\/h4>\n\n\n\n<ul class=\"wp-block-list\"><li>Si vols <strong>adquirir consci\u00e8ncia dels recursos t\u00e8cnics i estil\u00edstics <\/strong>que conformen aquest complex llenguatge emocional i musical, que necessita connectar de manera directa les teves emocions amb la interpretaci\u00f3.<\/li><li>Si vols <strong>ampliar repertori i con\u00e8ixer noves can\u00e7ons <\/strong>des dels spirituals fins el gospel contemporani.<\/li><li>Si vols <strong>aprofundir en la comprensi\u00f3 i adquisici\u00f3 <\/strong>dels elements musicals i emocionals essencials del gospel.<\/li><\/ul>\n<\/div>\n<\/div>\n\n\n\n<hr class=\"wp-block-separator\" \/>\n\n\n\n<h3 class=\"wp-block-heading\" id=\"Gospel-Spirituals\">1. Gospel &amp; Spirituals<\/h3>\n\n\n\n<ul class=\"wp-block-list\"><li><strong>Format<\/strong><ul><li>Des d\u2019una sessi\u00f3 m\u00ednima de 6h fins un cap de setmana sencer.<\/li><\/ul><\/li><li><strong>Descripci\u00f3<\/strong><ul><li>Aquest taller consisteix en una visi\u00f3 general de tots els elements mel\u00f2dics, r\u00edtmics i harm\u00f2nics que conflueixen per conformar la genu\u00efna idiosincr\u00e0sia del gospel. <\/li><li> A partir d\u2019 aquest taller es desenvolupen els altres tallers, m\u00e9s especialitzats.<\/li><\/ul><\/li><li><strong>Nivell requerit<\/strong><ul><li>B\u00e0sic \/ Mitj\u00e0<\/li><\/ul><\/li><li><strong>Repertori<\/strong><ul><li>Temes emblem\u00e0tics representatius de les diferents \u00e8poques del gospel: Souled Out, I will bless the Lord, Jesus promised, Good good Father, I can go to God in prayer, Going up yonder, Speak to me<\/li><\/ul><\/li><\/ul>\n\n\n\n<hr class=\"wp-block-separator\" \/>\n\n\n\n<h3 class=\"wp-block-heading\" id=\"Old-Gospel-School\">2. Old Gospel School<\/h3>\n\n\n\n<ul class=\"wp-block-list\"><li><strong>Format<\/strong><ul><li>Des d\u2019una sessi\u00f3 m\u00ednima de 6h fins un cap de setmana sencer. <\/li><\/ul><\/li><li><strong>Descripci\u00f3<\/strong><ul><li>Aquest taller \u00e9s un descobriment i aprofundiment en el ritme, el format, el so i l\u2019estil que van \u00e9sser la base del gospel que ha arribat fins els nostres dies.<\/li><\/ul><\/li><li><strong>Nivell requerit<\/strong><ul><li>B\u00e0sic \/ Mitj\u00e0<\/li><\/ul><\/li><li><strong>Repertori<\/strong><ul><li>Els or\u00edgens del gospel a les esgl\u00e8sies del sud dels USA.\u00a0<\/li><li>El Gospel m\u00e9s tradicional i d\u2019arrel.\u00a0<\/li><li>Highway to heaven, I believe, Take a trip, Victory, His blood still works, Gotta have faith, Even to the Lord.<\/li><\/ul><\/li><\/ul>\n\n\n\n<hr class=\"wp-block-separator\" \/>\n\n\n\n<h3 class=\"wp-block-heading\" id=\"Contemporary-Gospel\">3. Contemporary Gospel<\/h3>\n\n\n\n<ul class=\"wp-block-list\"><li><strong>Format<\/strong><ul><li>Des d\u2019una sessi\u00f3 m\u00ednima de 6h fins un cap de setmana sencer.<\/li><\/ul><\/li><li><strong>Descripci\u00f3<\/strong><ul><li>En aquest taller constatem des de la pr\u00e0ctica en el cor, la fulgurant evoluci\u00f3 del gospel que l\u2019ha portat a mesclar-se amb tot tipus d\u2019estils musicals des d\u2019una fusi\u00f3 global. <\/li><\/ul><\/li><li><strong>Nivell requerit<\/strong><ul><li>Mitj\u00e0 \/ Avan\u00e7at<\/li><\/ul><\/li><li><strong>Repertori<\/strong><ul><li>La fusi\u00f3 del Gospel amb tots els estils musicals.\u00a0\u00a0<\/li><li>Take it to the Lord in Prayer, The Blessing of Abraham, Faith, Hosanna, Brighter day, I\u2019ve got a feeling<\/li><\/ul><\/li><\/ul>\n\n\n\n<hr class=\"wp-block-separator\" \/>\n\n\n\n<h3 class=\"wp-block-heading\" id=\"Spirituals-a-Capella\">4. Spirituals a Capella<\/h3>\n\n\n\n<ul class=\"wp-block-list\"><li><strong>Format<\/strong><ul><li>Des d\u2019una sessi\u00f3 m\u00ednima de 6h fins un cap de setmana sencer<\/li><\/ul><\/li><li><strong>Descripci\u00f3<\/strong><ul><li>En aquest taller treballarem la mescla del so \u201ccl\u00e0ssic\u201d afroameric\u00e0, el significat ocult de les senzilles lletres i l\u2019especial accentuaci\u00f3 r\u00edtmica que donen als spirituals la connotaci\u00f3 de ser la m\u00fasica cl\u00e0ssica afroamericana.<\/li><\/ul><\/li><li><strong>Nivell requerit<\/strong><ul><li>Avan\u00e7at<\/li><\/ul><\/li><li><strong>Repertori<\/strong><ul><li>Els spirituals i work songs, la m\u00fasica cl\u00e0ssica afroamericana, cantats a capella, como ho van ser en or\u00edgen. Joshua fit the battle of Jericho, Nobody knows, John the Revelator, Elijah rock, Speak Lord, <\/li><\/ul><\/li><\/ul>\n\n\n\n<hr class=\"wp-block-separator\" \/>\n\n\n\n<h3 class=\"wp-block-heading\" id=\"African-Gospel\">5. African Gospel<\/h3>\n\n\n\n<ul class=\"wp-block-list\"><li><strong>Format<\/strong><ul><li>Des d\u2019una sessi\u00f3 m\u00ednima de 6h fins un cap de setmana sencer<\/li><\/ul><\/li><li><strong>Descripci\u00f3<\/strong><ul><li>En aquest taller analitzarem i cantarem la barreja del gospel amb la tradici\u00f3 africana a trav\u00e9s de la senzillesa d&#8217;un so que toca l&#8217;\u00e0nima.<\/li><li>El viatge d&#8217;anada i tornada a \u00c0frica.<\/li><\/ul><\/li><li><strong>Nivell requerit<\/strong><ul><li>Mitj\u00e0 \/ Avan\u00e7at<\/li><\/ul><\/li><li><strong>Repertori<\/strong><ul><li>Temes de les tradicions Xosa, Zul\u00fa, Luganda, Swahili, arrelats en la sonoridad i espiritualitat del Gospel: Hakuna Mungu, Mama Tokaaba, Wahamba Nati, Mbube, Asimbonanga, Ke na le Modisa.<\/li><\/ul><\/li><\/ul>\n\n\n\n<hr class=\"wp-block-separator\" \/>\n\n\n\n<h2 class=\"has-text-align-center wp-block-heading\">Testimonis<\/h2>\n\n\n\n<blockquote class=\"wp-block-quote is-layout-flow wp-block-quote-is-layout-flow\"><p>En Ramon sap encomanar el seu entusiasme al grup. El vam escollir per la seva experi\u00e8ncia i coneixement en el m\u00f3n del gospel. No ensenya simplement unes can\u00e7ons, ensenya com transmetre, interioritzar i emocionar-nos i emocionar a la gent amb aquestes can\u00e7ons, a trav\u00e9s de les din\u00e0miques, la intensitat i la interpretaci\u00f3. Un altre fet diferencial \u00e9s la tria de repertori, que fa que en principi siguin temes exclusius i nous, i no pas els t\u00edpics temes de gospel.<\/p><cite>Juanjo Gasc\u00f3. Alumne<\/cite><\/blockquote>\n","protected":false},"excerpt":{"rendered":"<p>Gospel &amp; Spirituals Old Gospel School Contemporary Gospel Spirituals a Capella African Gospel Metodologia: Desenvolupar la plena atenci\u00f3 i concentraci\u00f3 en el moment present a trav\u00e9s d\u2019un alt ritme d\u2019aprenentatge i assimilaci\u00f3.\u00a0 Integrar en la nostra idiosincr\u00e0sia \u201coccidental i blanca\u201d un fet tan racial i de tradici\u00f3 com \u00e9s el gospel d\u2019arrel a trav\u00e9s d\u2019audicions [&hellip;]<\/p>\n","protected":false},"author":1,"featured_media":0,"parent":283,"menu_order":0,"comment_status":"closed","ping_status":"closed","template":"","meta":{"_editorskit_title_hidden":false,"_editorskit_reading_time":3,"_editorskit_is_block_options_detached":false,"_editorskit_block_options_position":"{}","_genesis_hide_title":false,"_genesis_hide_breadcrumbs":false,"_genesis_hide_singular_image":false,"_genesis_hide_footer_widgets":false,"_genesis_custom_body_class":"","_genesis_custom_post_class":"","_genesis_layout":"","editor_notices":[],"footnotes":""},"class_list":{"0":"post-392","1":"page","2":"type-page","3":"status-publish","5":"entry"},"_links":{"self":[{"href":"https:\/\/ramonescale.com\/ca\/wp-json\/wp\/v2\/pages\/392","targetHints":{"allow":["GET"]}}],"collection":[{"href":"https:\/\/ramonescale.com\/ca\/wp-json\/wp\/v2\/pages"}],"about":[{"href":"https:\/\/ramonescale.com\/ca\/wp-json\/wp\/v2\/types\/page"}],"author":[{"embeddable":true,"href":"https:\/\/ramonescale.com\/ca\/wp-json\/wp\/v2\/users\/1"}],"replies":[{"embeddable":true,"href":"https:\/\/ramonescale.com\/ca\/wp-json\/wp\/v2\/comments?post=392"}],"version-history":[{"count":18,"href":"https:\/\/ramonescale.com\/ca\/wp-json\/wp\/v2\/pages\/392\/revisions"}],"predecessor-version":[{"id":639,"href":"https:\/\/ramonescale.com\/ca\/wp-json\/wp\/v2\/pages\/392\/revisions\/639"}],"up":[{"embeddable":true,"href":"https:\/\/ramonescale.com\/ca\/wp-json\/wp\/v2\/pages\/283"}],"wp:attachment":[{"href":"https:\/\/ramonescale.com\/ca\/wp-json\/wp\/v2\/media?parent=392"}],"curies":[{"name":"wp","href":"https:\/\/api.w.org\/{rel}","templated":true}]}}

<ul class="wp-block-list"><li><a class="ek-link ek-link" href="#Gospel-Spirituals">Gospel &amp; Spirituals</a></li><li><a href="#Old-Gospel-School">Old Gospel School</a></li><li><a href="#Contemporary-Gospel">Contemporary Gospel</a></li><li><a href="#Spirituals-a-Capella">Spirituals a Capella</a></li><li><a href="#African-Gospel">African Gospel</a></li></ul>



<h3 class="wp-block-heading"><strong>Metodologia</strong>:</h3>



<ul class="wp-block-list"><li>Desenvolupar la plena atenció i concentració en el moment present a través d’un alt ritme d’aprenentatge i assimilació. </li><li>Integrar en la nostra idiosincràsia “occidental i blanca” un fet tan racial i de tradició com és el gospel d’arrel a través d’audicions i exercicis pràctics d’aplicació immediata. </li><li>Aprendre i sentir el gospel des de la implicació musical i emocional. </li><li>Es facilitaran partitures, links i audios dels temes pel seu aprenentatge anterior a la realització del taller. </li></ul>



<h3 class="wp-block-heading"><strong>Eines / Tècniques</strong>:</h3>



<ul class="wp-block-list"><li>Control i consciència de l’afinació.</li><li>Pràctica i distinció dels diferents colors vocals aplicats al gospel </li><li>Cantar en la pulsació rítmica “in the pocket”, i interioritzar el concepte de pes rítmic. </li><li>Comprensió i pràctica dels ritmes més habituals: binaris i ternaris. </li><li>Control i pràctica de les dinàmiques, accents, articulacions i lligadures d’expressió. </li><li>Improvisació, expressivitat i interpretació</li><li>Connexió rítmico-corporal.</li></ul>



<h3 class="wp-block-heading">Format: (a escollir)</h3>



<ul class="wp-block-list"><li>Des de sessions de 6h a cap de setmana sencer</li></ul>



<h3 class="wp-block-heading">Grups: </h3>



<ul class="wp-block-list"><li>Per la realització d’un workshop és necessari un mínim de 20 persones</li></ul>



<h3 class="wp-block-heading"><strong>T’interessa si</strong>…:</h3>



<div class="wp-block-columns is-layout-flex wp-container-core-columns-is-layout-9d6595d7 wp-block-columns-is-layout-flex">
<div class="wp-block-column is-layout-flow wp-block-column-is-layout-flow">
<h4 class="wp-block-heading">Nivell Bàsic (Repertori 1)</h4>



<ul class="wp-block-list"><li><strong>Si a dins teu sents que vols cantar</strong>, però creus que no pots fer-ho&#8230; ¡La música es un dret universal!</li><li>Si cantes en un cor i <strong>tens curiositat </strong>per saber què és el gospel.</li><li>Si ja cantes en un cor de gospel però vols <strong>aprofundir més</strong>.</li></ul>
</div>



<div class="wp-block-column is-layout-flow wp-block-column-is-layout-flow">
<h4 class="wp-block-heading">Nivell Mitjà o Avançat <br> (Repertoris 2 / 3 / 4 / 5)</h4>



<ul class="wp-block-list"><li>Si vols <strong>adquirir consciència dels recursos tècnics i estilístics </strong>que conformen aquest complex llenguatge emocional i musical, que necessita connectar de manera directa les teves emocions amb la interpretació.</li><li>Si vols <strong>ampliar repertori i conèixer noves cançons </strong>des dels spirituals fins el gospel contemporani.</li><li>Si vols <strong>aprofundir en la comprensió i adquisició </strong>dels elements musicals i emocionals essencials del gospel.</li></ul>
</div>
</div>



<hr class="wp-block-separator" />



<h3 class="wp-block-heading" id="Gospel-Spirituals">1. Gospel &amp; Spirituals</h3>



<ul class="wp-block-list"><li><strong>Format</strong><ul><li>Des d’una sessió mínima de 6h fins un cap de setmana sencer.</li></ul></li><li><strong>Descripció</strong><ul><li>Aquest taller consisteix en una visió general de tots els elements melòdics, rítmics i harmònics que conflueixen per conformar la genuïna idiosincràsia del gospel. </li><li> A partir d’ aquest taller es desenvolupen els altres tallers, més especialitzats.</li></ul></li><li><strong>Nivell requerit</strong><ul><li>Bàsic / Mitjà</li></ul></li><li><strong>Repertori</strong><ul><li>Temes emblemàtics representatius de les diferents èpoques del gospel: Souled Out, I will bless the Lord, Jesus promised, Good good Father, I can go to God in prayer, Going up yonder, Speak to me</li></ul></li></ul>



<hr class="wp-block-separator" />



<h3 class="wp-block-heading" id="Old-Gospel-School">2. Old Gospel School</h3>



<ul class="wp-block-list"><li><strong>Format</strong><ul><li>Des d’una sessió mínima de 6h fins un cap de setmana sencer. </li></ul></li><li><strong>Descripció</strong><ul><li>Aquest taller és un descobriment i aprofundiment en el ritme, el format, el so i l’estil que van ésser la base del gospel que ha arribat fins els nostres dies.</li></ul></li><li><strong>Nivell requerit</strong><ul><li>Bàsic / Mitjà</li></ul></li><li><strong>Repertori</strong><ul><li>Els orígens del gospel a les esglèsies del sud dels USA. </li><li>El Gospel més tradicional i d’arrel. </li><li>Highway to heaven, I believe, Take a trip, Victory, His blood still works, Gotta have faith, Even to the Lord.</li></ul></li></ul>



<hr class="wp-block-separator" />



<h3 class="wp-block-heading" id="Contemporary-Gospel">3. Contemporary Gospel</h3>



<ul class="wp-block-list"><li><strong>Format</strong><ul><li>Des d’una sessió mínima de 6h fins un cap de setmana sencer.</li></ul></li><li><strong>Descripció</strong><ul><li>En aquest taller constatem des de la pràctica en el cor, la fulgurant evolució del gospel que l’ha portat a mesclar-se amb tot tipus d’estils musicals des d’una fusió global. </li></ul></li><li><strong>Nivell requerit</strong><ul><li>Mitjà / Avançat</li></ul></li><li><strong>Repertori</strong><ul><li>La fusió del Gospel amb tots els estils musicals.  </li><li>Take it to the Lord in Prayer, The Blessing of Abraham, Faith, Hosanna, Brighter day, I’ve got a feeling</li></ul></li></ul>



<hr class="wp-block-separator" />



<h3 class="wp-block-heading" id="Spirituals-a-Capella">4. Spirituals a Capella</h3>



<ul class="wp-block-list"><li><strong>Format</strong><ul><li>Des d’una sessió mínima de 6h fins un cap de setmana sencer</li></ul></li><li><strong>Descripció</strong><ul><li>En aquest taller treballarem la mescla del so “clàssic” afroamericà, el significat ocult de les senzilles lletres i l’especial accentuació rítmica que donen als spirituals la connotació de ser la música clàssica afroamericana.</li></ul></li><li><strong>Nivell requerit</strong><ul><li>Avançat</li></ul></li><li><strong>Repertori</strong><ul><li>Els spirituals i work songs, la música clàssica afroamericana, cantats a capella, como ho van ser en orígen. Joshua fit the battle of Jericho, Nobody knows, John the Revelator, Elijah rock, Speak Lord, </li></ul></li></ul>



<hr class="wp-block-separator" />



<h3 class="wp-block-heading" id="African-Gospel">5. African Gospel</h3>



<ul class="wp-block-list"><li><strong>Format</strong><ul><li>Des d’una sessió mínima de 6h fins un cap de setmana sencer</li></ul></li><li><strong>Descripció</strong><ul><li>En aquest taller analitzarem i cantarem la barreja del gospel amb la tradició africana a través de la senzillesa d&#8217;un so que toca l&#8217;ànima.</li><li>El viatge d&#8217;anada i tornada a Àfrica.</li></ul></li><li><strong>Nivell requerit</strong><ul><li>Mitjà / Avançat</li></ul></li><li><strong>Repertori</strong><ul><li>Temes de les tradicions Xosa, Zulú, Luganda, Swahili, arrelats en la sonoridad i espiritualitat del Gospel: Hakuna Mungu, Mama Tokaaba, Wahamba Nati, Mbube, Asimbonanga, Ke na le Modisa.</li></ul></li></ul>



<hr class="wp-block-separator" />



<h2 class="has-text-align-center wp-block-heading">Testimonis</h2>



<blockquote class="wp-block-quote is-layout-flow wp-block-quote-is-layout-flow"><p>En Ramon sap encomanar el seu entusiasme al grup. El vam escollir per la seva experiència i coneixement en el món del gospel. No ensenya simplement unes cançons, ensenya com transmetre, interioritzar i emocionar-nos i emocionar a la gent amb aquestes cançons, a través de les dinàmiques, la intensitat i la interpretació. Un altre fet diferencial és la tria de repertori, que fa que en principi siguin temes exclusius i nous, i no pas els típics temes de gospel.</p><cite>Juanjo Gascó. Alumne</cite></blockquote>

<p>Gospel &amp; Spirituals Old Gospel School Contemporary Gospel Spirituals a Capella African Gospel Metodologia: Desenvolupar la plena atenció i concentració en el moment present a través d’un alt ritme d’aprenentatge i assimilació.  Integrar en la nostra idiosincràsia “occidental i blanca” un fet tan racial i de tradició com és el gospel d’arrel a través d’audicions [&hellip;]</p>
