{"id":432,"date":"2020-03-04T16:57:23","date_gmt":"2020-03-04T15:57:23","guid":{"rendered":"https:\/\/ramonescale.com\/?page_id=432"},"modified":"2024-09-18T12:08:38","modified_gmt":"2024-09-18T10:08:38","slug":"gospel-meets-flamenco","status":"publish","type":"page","link":"https:\/\/ramonescale.com\/ca\/espectacles\/gospel-meets-flamenco\/","title":{"rendered":""},"content":{"rendered":"<div class=\"wp-block-image\">\n<figure class=\"aligncenter size-large is-resized\"><img loading=\"lazy\" decoding=\"async\" width=\"1024\" height=\"470\" src=\"https:\/\/ramonescale.com\/ca\/wp-content\/uploads\/sites\/2\/2024\/04\/PHOTO-2024-04-16-17-28-12-1024x470.jpg\" alt=\"\" class=\"wp-image-841\" style=\"width:455px;height:auto\" srcset=\"https:\/\/ramonescale.com\/ca\/wp-content\/uploads\/sites\/2\/2024\/04\/PHOTO-2024-04-16-17-28-12-1024x470.jpg 1024w, https:\/\/ramonescale.com\/ca\/wp-content\/uploads\/sites\/2\/2024\/04\/PHOTO-2024-04-16-17-28-12-300x138.jpg 300w, https:\/\/ramonescale.com\/ca\/wp-content\/uploads\/sites\/2\/2024\/04\/PHOTO-2024-04-16-17-28-12.jpg 1183w\" sizes=\"auto, (max-width: 1024px) 100vw, 1024px\" \/><\/figure>\n<\/div>\n\n\n<h2 class=\"wp-block-heading has-text-align-center\">GOSPEL meets FLAMENCO<\/h2>\n\n\n\n<p><\/p>\n\n\n\n<p>The Lamento \u00e9s el resultat d&#8217;un llarg cam\u00ed de recerca del polifac\u00e8tic m\u00fasic Ramon Escal\u00e9 per trobar una connexi\u00f3 al terreny musical, conceptual, per\u00f2 sobretot emocional, entre dues m\u00fasiques d&#8217;arrel: els espirituals negres i el flamenc. Totes dues estan xopes d&#8217;un sentiment ancestral de tristesa que s&#8217;agermana amb el blues i el queixo, emocions profundes que surten del fons de l&#8217;\u00e0nima per\u00f2 que deixen lloc a l&#8217;esperan\u00e7a.<\/p>\n\n\n\n<p>La passi\u00f3, la for\u00e7a, el lament, l&#8217;alegria, la visceralitat i l&#8217;autenticitat \u00e9s el que emana d&#8217;aquest espectacle, on les formes musicals experimenten lliurement amb la complexitat r\u00edtmica del flamenc i alhora s&#8217;encaixen les melodies senzilles, per\u00f2 esglaiadores, dels espirituals. Per fer-ho, Ramon Escal\u00e9 compta amb Paula Dom\u00ednguez, amb qui descobreix el punt on aquests dos mons s&#8217;entrellacen de manera natural.<\/p>\n\n\n\n<p>El projecte respecta l&#8217;ess\u00e8ncia de les melodies dels espirituals negres i deixa que trobin un espai c\u00f2mode dins de la sonoritat flamenca, fent que adoptin girs i melismes que en principi no li s\u00f3n familiars.<\/p>\n\n\n\n<p>Per\u00f2 si alguna cosa defineix The Lamento \u00e9s l&#8217;honestedat. \u00c9s una proposta sincera, gosada, sense artificis, apassionada i respectuosa amb la tradici\u00f3. T\u00e9 el poder d&#8217;emocionar i commoure qualsevol que l&#8217;escolti.<\/p>\n\n\n\n<p>Per fer-ho, t\u00e9 algunes de les figures emergents m\u00e9s destacades del flamenc catal\u00e0 i tamb\u00e9 noms consolidats de l&#8217;escena local de les m\u00fasiques afroamericanes. El resultat \u00e9s una formaci\u00f3 plena de grans m\u00fasics que aporten tot el seu bagatge per fer possible una barreja poques vegades aconseguida en plenitud.<\/p>\n\n\n\n<p>\u201cVa ser realment molt emocionant escoltar per primera vegada l&#8217;espiritual Wade in the water amb harmonia i ritme de tangos i tenir la certesa que s&#8217;havia obert un nou cam\u00ed, i que, despr\u00e9s d&#8217;aquesta primera troballa, aniria venint el maridatge de la resta de melodies amb el seu entorn\u201d.<br>Ramon Escal\u00e9<\/p>\n\n\n\n<p><strong>FITXA ART\u00cdSTICA<\/strong><br>Paula Dom\u00ednguez | veu<br>Laura Marchal | veu<br>Carmen Cort\u00e9s | veu<br>Montse Mart\u00ednez | ball<br>Mart\u00ed Serra | saxo alt<br>Marc L\u00f3pez | guitarra espanyola<br>Ismael Alcina | baix<br>David Dom\u00ednguez | percussi\u00f3<br>Ramon Escal\u00e9 | \u00f2rgan, arranjaments i direcci\u00f3<\/p>\n\n\n\n<h3 class=\"wp-block-heading\">Videos<\/h3>\n\n\n\n<p>Teaser The Lamento. Gospel meets flamenco. Festival Ciutat Flamenco. Barcelona 2023 <\/p>\n\n\n\n<figure class=\"wp-block-embed is-type-video is-provider-youtube wp-block-embed-youtube wp-embed-aspect-16-9 wp-has-aspect-ratio\"><div class=\"wp-block-embed__wrapper\">\n<iframe loading=\"lazy\" title=\"The Lamento. Gospel &amp; Flamenco.   Ramon Escal\u00e9\" width=\"700\" height=\"394\" src=\"https:\/\/www.youtube.com\/embed\/0TCc7ALcgsQ?feature=oembed\" frameborder=\"0\" allow=\"accelerometer; autoplay; clipboard-write; encrypted-media; gyroscope; picture-in-picture; web-share\" referrerpolicy=\"strict-origin-when-cross-origin\" allowfullscreen><\/iframe>\n<\/div><\/figure>\n\n\n\n<p>Wade in the water. The Lamento. Gospel meets flamenco. Festival Ciutat Flamenco. Barcelona 2023 <\/p>\n\n\n\n<figure class=\"wp-block-embed is-type-video is-provider-youtube wp-block-embed-youtube wp-embed-aspect-16-9 wp-has-aspect-ratio\"><div class=\"wp-block-embed__wrapper\">\n<iframe loading=\"lazy\" title=\"WADE IN THE WATER (Traditional) The Lamento. Ramon Escale\" width=\"700\" height=\"394\" src=\"https:\/\/www.youtube.com\/embed\/wUc8r3IQuTs?feature=oembed\" frameborder=\"0\" allow=\"accelerometer; autoplay; clipboard-write; encrypted-media; gyroscope; picture-in-picture; web-share\" referrerpolicy=\"strict-origin-when-cross-origin\" allowfullscreen><\/iframe>\n<\/div><\/figure>\n\n\n\n<p><\/p>\n\n\n\n<figure class=\"wp-block-embed is-type-video is-provider-youtube wp-block-embed-youtube wp-embed-aspect-16-9 wp-has-aspect-ratio\"><div class=\"wp-block-embed__wrapper\">\n<iframe loading=\"lazy\" title=\"Paula Dom\u00ednguez &amp; Ramon Escal\u00e9\" width=\"700\" height=\"394\" src=\"https:\/\/www.youtube.com\/embed\/WKkJyWVKBgc?feature=oembed\" frameborder=\"0\" allow=\"accelerometer; autoplay; clipboard-write; encrypted-media; gyroscope; picture-in-picture; web-share\" referrerpolicy=\"strict-origin-when-cross-origin\" allowfullscreen><\/iframe>\n<\/div><\/figure>\n\n\n","protected":false},"excerpt":{"rendered":"<p>GOSPEL meets FLAMENCO The Lamento \u00e9s el resultat d&#8217;un llarg cam\u00ed de recerca del polifac\u00e8tic m\u00fasic Ramon Escal\u00e9 per trobar una connexi\u00f3 al terreny musical, conceptual, per\u00f2 sobretot emocional, entre dues m\u00fasiques d&#8217;arrel: els espirituals negres i el flamenc. Totes dues estan xopes d&#8217;un sentiment ancestral de tristesa que s&#8217;agermana amb el blues i el [&hellip;]<\/p>\n","protected":false},"author":1,"featured_media":0,"parent":290,"menu_order":0,"comment_status":"closed","ping_status":"closed","template":"","meta":{"_editorskit_title_hidden":false,"_editorskit_reading_time":1,"_editorskit_is_block_options_detached":false,"_editorskit_block_options_position":"{}","_genesis_hide_title":false,"_genesis_hide_breadcrumbs":false,"_genesis_hide_singular_image":false,"_genesis_hide_footer_widgets":false,"_genesis_custom_body_class":"","_genesis_custom_post_class":"","_genesis_layout":"","editor_notices":[],"footnotes":""},"class_list":{"0":"post-432","1":"page","2":"type-page","3":"status-publish","5":"entry"},"_links":{"self":[{"href":"https:\/\/ramonescale.com\/ca\/wp-json\/wp\/v2\/pages\/432","targetHints":{"allow":["GET"]}}],"collection":[{"href":"https:\/\/ramonescale.com\/ca\/wp-json\/wp\/v2\/pages"}],"about":[{"href":"https:\/\/ramonescale.com\/ca\/wp-json\/wp\/v2\/types\/page"}],"author":[{"embeddable":true,"href":"https:\/\/ramonescale.com\/ca\/wp-json\/wp\/v2\/users\/1"}],"replies":[{"embeddable":true,"href":"https:\/\/ramonescale.com\/ca\/wp-json\/wp\/v2\/comments?post=432"}],"version-history":[{"count":11,"href":"https:\/\/ramonescale.com\/ca\/wp-json\/wp\/v2\/pages\/432\/revisions"}],"predecessor-version":[{"id":862,"href":"https:\/\/ramonescale.com\/ca\/wp-json\/wp\/v2\/pages\/432\/revisions\/862"}],"up":[{"embeddable":true,"href":"https:\/\/ramonescale.com\/ca\/wp-json\/wp\/v2\/pages\/290"}],"wp:attachment":[{"href":"https:\/\/ramonescale.com\/ca\/wp-json\/wp\/v2\/media?parent=432"}],"curies":[{"name":"wp","href":"https:\/\/api.w.org\/{rel}","templated":true}]}}

<div class="wp-block-image">
<figure class="aligncenter size-large is-resized"><img loading="lazy" decoding="async" width="1024" height="470" src="https://ramonescale.com/ca/wp-content/uploads/sites/2/2024/04/PHOTO-2024-04-16-17-28-12-1024x470.jpg" alt="" class="wp-image-841" style="width:455px;height:auto" srcset="https://ramonescale.com/ca/wp-content/uploads/sites/2/2024/04/PHOTO-2024-04-16-17-28-12-1024x470.jpg 1024w, https://ramonescale.com/ca/wp-content/uploads/sites/2/2024/04/PHOTO-2024-04-16-17-28-12-300x138.jpg 300w, https://ramonescale.com/ca/wp-content/uploads/sites/2/2024/04/PHOTO-2024-04-16-17-28-12.jpg 1183w" sizes="auto, (max-width: 1024px) 100vw, 1024px" /></figure>
</div>


<h2 class="wp-block-heading has-text-align-center">GOSPEL meets FLAMENCO</h2>



<p></p>



<p>The Lamento és el resultat d&#8217;un llarg camí de recerca del polifacètic músic Ramon Escalé per trobar una connexió al terreny musical, conceptual, però sobretot emocional, entre dues músiques d&#8217;arrel: els espirituals negres i el flamenc. Totes dues estan xopes d&#8217;un sentiment ancestral de tristesa que s&#8217;agermana amb el blues i el queixo, emocions profundes que surten del fons de l&#8217;ànima però que deixen lloc a l&#8217;esperança.</p>



<p>La passió, la força, el lament, l&#8217;alegria, la visceralitat i l&#8217;autenticitat és el que emana d&#8217;aquest espectacle, on les formes musicals experimenten lliurement amb la complexitat rítmica del flamenc i alhora s&#8217;encaixen les melodies senzilles, però esglaiadores, dels espirituals. Per fer-ho, Ramon Escalé compta amb Paula Domínguez, amb qui descobreix el punt on aquests dos mons s&#8217;entrellacen de manera natural.</p>



<p>El projecte respecta l&#8217;essència de les melodies dels espirituals negres i deixa que trobin un espai còmode dins de la sonoritat flamenca, fent que adoptin girs i melismes que en principi no li són familiars.</p>



<p>Però si alguna cosa defineix The Lamento és l&#8217;honestedat. És una proposta sincera, gosada, sense artificis, apassionada i respectuosa amb la tradició. Té el poder d&#8217;emocionar i commoure qualsevol que l&#8217;escolti.</p>



<p>Per fer-ho, té algunes de les figures emergents més destacades del flamenc català i també noms consolidats de l&#8217;escena local de les músiques afroamericanes. El resultat és una formació plena de grans músics que aporten tot el seu bagatge per fer possible una barreja poques vegades aconseguida en plenitud.</p>



<p>“Va ser realment molt emocionant escoltar per primera vegada l&#8217;espiritual Wade in the water amb harmonia i ritme de tangos i tenir la certesa que s&#8217;havia obert un nou camí, i que, després d&#8217;aquesta primera troballa, aniria venint el maridatge de la resta de melodies amb el seu entorn”.<br>Ramon Escalé</p>



<p><strong>FITXA ARTÍSTICA</strong><br>Paula Domínguez | veu<br>Laura Marchal | veu<br>Carmen Cortés | veu<br>Montse Martínez | ball<br>Martí Serra | saxo alt<br>Marc López | guitarra espanyola<br>Ismael Alcina | baix<br>David Domínguez | percussió<br>Ramon Escalé | òrgan, arranjaments i direcció</p>



<h3 class="wp-block-heading">Videos</h3>



<p>Teaser The Lamento. Gospel meets flamenco. Festival Ciutat Flamenco. Barcelona 2023 </p>



<figure class="wp-block-embed is-type-video is-provider-youtube wp-block-embed-youtube wp-embed-aspect-16-9 wp-has-aspect-ratio"><div class="wp-block-embed__wrapper">
<iframe loading="lazy" title="The Lamento. Gospel &amp; Flamenco.   Ramon Escalé" width="700" height="394" src="https://www.youtube.com/embed/0TCc7ALcgsQ?feature=oembed" frameborder="0" allow="accelerometer; autoplay; clipboard-write; encrypted-media; gyroscope; picture-in-picture; web-share" referrerpolicy="strict-origin-when-cross-origin" allowfullscreen></iframe>
</div></figure>



<p>Wade in the water. The Lamento. Gospel meets flamenco. Festival Ciutat Flamenco. Barcelona 2023 </p>



<figure class="wp-block-embed is-type-video is-provider-youtube wp-block-embed-youtube wp-embed-aspect-16-9 wp-has-aspect-ratio"><div class="wp-block-embed__wrapper">
<iframe loading="lazy" title="WADE IN THE WATER (Traditional) The Lamento. Ramon Escale" width="700" height="394" src="https://www.youtube.com/embed/wUc8r3IQuTs?feature=oembed" frameborder="0" allow="accelerometer; autoplay; clipboard-write; encrypted-media; gyroscope; picture-in-picture; web-share" referrerpolicy="strict-origin-when-cross-origin" allowfullscreen></iframe>
</div></figure>



<p></p>



<figure class="wp-block-embed is-type-video is-provider-youtube wp-block-embed-youtube wp-embed-aspect-16-9 wp-has-aspect-ratio"><div class="wp-block-embed__wrapper">
<iframe loading="lazy" title="Paula Domínguez &amp; Ramon Escalé" width="700" height="394" src="https://www.youtube.com/embed/WKkJyWVKBgc?feature=oembed" frameborder="0" allow="accelerometer; autoplay; clipboard-write; encrypted-media; gyroscope; picture-in-picture; web-share" referrerpolicy="strict-origin-when-cross-origin" allowfullscreen></iframe>
</div></figure>

<p>GOSPEL meets FLAMENCO The Lamento és el resultat d&#8217;un llarg camí de recerca del polifacètic músic Ramon Escalé per trobar una connexió al terreny musical, conceptual, però sobretot emocional, entre dues músiques d&#8217;arrel: els espirituals negres i el flamenc. Totes dues estan xopes d&#8217;un sentiment ancestral de tristesa que s&#8217;agermana amb el blues i el [&hellip;]</p>
