{"id":437,"date":"2020-03-04T17:02:56","date_gmt":"2020-03-04T16:02:56","guid":{"rendered":"https:\/\/ramonescale.com\/?page_id=437"},"modified":"2024-09-11T10:30:27","modified_gmt":"2024-09-11T08:30:27","slug":"from-the-heart-of-africa","status":"publish","type":"page","link":"https:\/\/ramonescale.com\/ca\/espectacles\/from-the-heart-of-africa\/","title":{"rendered":"From the heart of Africa"},"content":{"rendered":"\n<h2 class=\"wp-block-heading has-text-align-center\">Descripci\u00f3 de l&#8217;espectacle<\/h2>\n\n\n\n<p>Volem convidar-vos a dsifrutar d&#8217;un concert molt especial, el nostre espectacle \u201cFrom the heart of Africa\u201d on ens hem endinsat en les arrels m\u00e9s profundes d\u2019aquesta m\u00fasica que tant ens apassiona. <\/p>\n\n\n\n<p>Despr\u00e9s d\u2019un apassionant viatge a Uganda, Ramon Escal\u00e9 va poder descubrir una de les influ\u00e8ncies m\u00e9s importants del gospel: el seu origen afric\u00e0. Escoltant i gravant tota la m\u00fasica que es posava al seu abast, va poder fer un recull&nbsp; de melodies i ritmes que despr\u00e9s de la barreja amb la cultura americana es van transformar en els cants de treball, la m\u00fasica religiosa, el blues, el ragtime i totes les arrels que van donar lloc al Gospel. De tornada a casa i compartint-ho amb la resta del cor, van fer una tria de les can\u00e7ons m\u00e9s representatives i que m\u00e9s s\u2019adequaven al seu estil i es van posar a treballar per donar forma al que \u00e9s aquest nou espectacle. M\u00fasica, \u00e0nima i moviment es donen la m\u00e0 per fer un concert vibrant i espectacular on el ritme \u00e9s omnipresent i les sonoritats m\u00e9s africanes prenen el protagonisme.<\/p>\n\n\n\n<p>La barreja d\u2019Esclat Gospel Singers amb els arranjaments actualitzats d&#8217;aquesta m\u00fasica tradicional, i el quartet de m\u00fasics d&#8217;arrel jazz\u00edstica que els interpreten, d\u00f3na globalitat al so de \u201cFrom the Heart of Africa\u201d. Mesclar totes aquestes sonoritats d\u2019origen afric\u00e0 amb la seva evoluci\u00f3 posterior als Estats Units i al Carib fan d\u2019aquesta fusi\u00f3 una novetat agosarada i pr\u00e1cticamente in\u00e8dita. Esperem que ho gaudiu tant com nosaltres!<\/p>\n\n\n\n<h3 class=\"wp-block-heading\"><strong>Formaci\u00f3<\/strong>:<\/h3>\n\n\n\n<ul class=\"wp-block-list\">\n<li>Esclat Gospel Singers. Cor de 35 veus<\/li>\n\n\n\n<li>Ignasi Cuss\u00f3: Guitarra<\/li>\n\n\n\n<li>Jordi Blanes: Baix<\/li>\n\n\n\n<li>Llu\u00eds Ribalta: Bateria<\/li>\n\n\n\n<li>Ramon Escal\u00e9: Teclats, direcci\u00f3 i arranjaments<\/li>\n<\/ul>\n\n\n\n<h3 class=\"wp-block-heading\">V\u00eddeos<\/h3>\n\n\n\n<p><strong>Teaser. Kursaal Manresa. <\/strong><\/p>\n\n\n\n<figure class=\"wp-block-embed is-type-video is-provider-youtube wp-block-embed-youtube wp-embed-aspect-16-9 wp-has-aspect-ratio\"><div class=\"wp-block-embed__wrapper\">\n<iframe loading=\"lazy\" title=\"Gospel meets Africa (Teaser) Ramon Escal\u00e9 &amp; Esclat Gospel Singers &amp; Barcelona Big Latin.\" width=\"700\" height=\"394\" src=\"https:\/\/www.youtube.com\/embed\/nYuYZBJKzh8?feature=oembed\" frameborder=\"0\" allow=\"accelerometer; autoplay; clipboard-write; encrypted-media; gyroscope; picture-in-picture; web-share\" referrerpolicy=\"strict-origin-when-cross-origin\" allowfullscreen><\/iframe>\n<\/div><\/figure>\n\n\n\n<p><strong>Satan we\u2019re gonna tear your Kingdom down. <\/strong><\/p>\n\n\n\n<figure class=\"wp-block-embed is-type-video is-provider-youtube wp-block-embed-youtube wp-embed-aspect-16-9 wp-has-aspect-ratio\"><div class=\"wp-block-embed__wrapper\">\n<iframe loading=\"lazy\" title=\"Satan we&#039;re gonna tear your Kingdom down (Shirley Caesar) B.Meade&amp; Messengers&amp;Esclat Gospel Singers\" width=\"700\" height=\"394\" src=\"https:\/\/www.youtube.com\/embed\/iiZ3wjoJeXI?feature=oembed\" frameborder=\"0\" allow=\"accelerometer; autoplay; clipboard-write; encrypted-media; gyroscope; picture-in-picture; web-share\" referrerpolicy=\"strict-origin-when-cross-origin\" allowfullscreen><\/iframe>\n<\/div><\/figure>\n","protected":false},"excerpt":{"rendered":"<p>Descripci\u00f3 de l&#8217;espectacle Volem convidar-vos a dsifrutar d&#8217;un concert molt especial, el nostre espectacle \u201cFrom the heart of Africa\u201d on ens hem endinsat en les arrels m\u00e9s profundes d\u2019aquesta m\u00fasica que tant ens apassiona. Despr\u00e9s d\u2019un apassionant viatge a Uganda, Ramon Escal\u00e9 va poder descubrir una de les influ\u00e8ncies m\u00e9s importants del gospel: el seu [&hellip;]<\/p>\n","protected":false},"author":1,"featured_media":0,"parent":290,"menu_order":0,"comment_status":"closed","ping_status":"closed","template":"","meta":{"_editorskit_title_hidden":false,"_editorskit_reading_time":1,"_editorskit_is_block_options_detached":false,"_editorskit_block_options_position":"{}","_genesis_hide_title":false,"_genesis_hide_breadcrumbs":false,"_genesis_hide_singular_image":false,"_genesis_hide_footer_widgets":false,"_genesis_custom_body_class":"","_genesis_custom_post_class":"","_genesis_layout":"","editor_notices":[],"footnotes":""},"class_list":{"0":"post-437","1":"page","2":"type-page","3":"status-publish","5":"entry"},"_links":{"self":[{"href":"https:\/\/ramonescale.com\/ca\/wp-json\/wp\/v2\/pages\/437","targetHints":{"allow":["GET"]}}],"collection":[{"href":"https:\/\/ramonescale.com\/ca\/wp-json\/wp\/v2\/pages"}],"about":[{"href":"https:\/\/ramonescale.com\/ca\/wp-json\/wp\/v2\/types\/page"}],"author":[{"embeddable":true,"href":"https:\/\/ramonescale.com\/ca\/wp-json\/wp\/v2\/users\/1"}],"replies":[{"embeddable":true,"href":"https:\/\/ramonescale.com\/ca\/wp-json\/wp\/v2\/comments?post=437"}],"version-history":[{"count":11,"href":"https:\/\/ramonescale.com\/ca\/wp-json\/wp\/v2\/pages\/437\/revisions"}],"predecessor-version":[{"id":861,"href":"https:\/\/ramonescale.com\/ca\/wp-json\/wp\/v2\/pages\/437\/revisions\/861"}],"up":[{"embeddable":true,"href":"https:\/\/ramonescale.com\/ca\/wp-json\/wp\/v2\/pages\/290"}],"wp:attachment":[{"href":"https:\/\/ramonescale.com\/ca\/wp-json\/wp\/v2\/media?parent=437"}],"curies":[{"name":"wp","href":"https:\/\/api.w.org\/{rel}","templated":true}]}}

<h2 class="wp-block-heading has-text-align-center">Descripció de l&#8217;espectacle</h2>



<p>Volem convidar-vos a dsifrutar d&#8217;un concert molt especial, el nostre espectacle “From the heart of Africa” on ens hem endinsat en les arrels més profundes d’aquesta música que tant ens apassiona. </p>



<p>Després d’un apassionant viatge a Uganda, Ramon Escalé va poder descubrir una de les influències més importants del gospel: el seu origen africà. Escoltant i gravant tota la música que es posava al seu abast, va poder fer un recull&nbsp; de melodies i ritmes que després de la barreja amb la cultura americana es van transformar en els cants de treball, la música religiosa, el blues, el ragtime i totes les arrels que van donar lloc al Gospel. De tornada a casa i compartint-ho amb la resta del cor, van fer una tria de les cançons més representatives i que més s’adequaven al seu estil i es van posar a treballar per donar forma al que és aquest nou espectacle. Música, ànima i moviment es donen la mà per fer un concert vibrant i espectacular on el ritme és omnipresent i les sonoritats més africanes prenen el protagonisme.</p>



<p>La barreja d’Esclat Gospel Singers amb els arranjaments actualitzats d&#8217;aquesta música tradicional, i el quartet de músics d&#8217;arrel jazzística que els interpreten, dóna globalitat al so de “From the Heart of Africa”. Mesclar totes aquestes sonoritats d’origen africà amb la seva evolució posterior als Estats Units i al Carib fan d’aquesta fusió una novetat agosarada i prácticamente inèdita. Esperem que ho gaudiu tant com nosaltres!</p>



<h3 class="wp-block-heading"><strong>Formació</strong>:</h3>



<ul class="wp-block-list">
<li>Esclat Gospel Singers. Cor de 35 veus</li>



<li>Ignasi Cussó: Guitarra</li>



<li>Jordi Blanes: Baix</li>



<li>Lluís Ribalta: Bateria</li>



<li>Ramon Escalé: Teclats, direcció i arranjaments</li>
</ul>



<h3 class="wp-block-heading">Vídeos</h3>



<p><strong>Teaser. Kursaal Manresa. </strong></p>



<figure class="wp-block-embed is-type-video is-provider-youtube wp-block-embed-youtube wp-embed-aspect-16-9 wp-has-aspect-ratio"><div class="wp-block-embed__wrapper">
<iframe loading="lazy" title="Gospel meets Africa (Teaser) Ramon Escalé &amp; Esclat Gospel Singers &amp; Barcelona Big Latin." width="700" height="394" src="https://www.youtube.com/embed/nYuYZBJKzh8?feature=oembed" frameborder="0" allow="accelerometer; autoplay; clipboard-write; encrypted-media; gyroscope; picture-in-picture; web-share" referrerpolicy="strict-origin-when-cross-origin" allowfullscreen></iframe>
</div></figure>



<p><strong>Satan we’re gonna tear your Kingdom down. </strong></p>



<figure class="wp-block-embed is-type-video is-provider-youtube wp-block-embed-youtube wp-embed-aspect-16-9 wp-has-aspect-ratio"><div class="wp-block-embed__wrapper">
<iframe loading="lazy" title="Satan we&#039;re gonna tear your Kingdom down (Shirley Caesar) B.Meade&amp; Messengers&amp;Esclat Gospel Singers" width="700" height="394" src="https://www.youtube.com/embed/iiZ3wjoJeXI?feature=oembed" frameborder="0" allow="accelerometer; autoplay; clipboard-write; encrypted-media; gyroscope; picture-in-picture; web-share" referrerpolicy="strict-origin-when-cross-origin" allowfullscreen></iframe>
</div></figure>

<p>Descripció de l&#8217;espectacle Volem convidar-vos a dsifrutar d&#8217;un concert molt especial, el nostre espectacle “From the heart of Africa” on ens hem endinsat en les arrels més profundes d’aquesta música que tant ens apassiona. Després d’un apassionant viatge a Uganda, Ramon Escalé va poder descubrir una de les influències més importants del gospel: el seu [&hellip;]</p>
