{"id":475,"date":"2020-03-05T16:48:26","date_gmt":"2020-03-05T15:48:26","guid":{"rendered":"https:\/\/ramonescale.com\/?page_id=475"},"modified":"2022-06-01T13:58:31","modified_gmt":"2022-06-01T11:58:31","slug":"campus-gospel-rajadell","status":"publish","type":"page","link":"https:\/\/ramonescale.com\/ca\/events-i-fundacio\/campus-gospel-rajadell\/","title":{"rendered":"Campus Gospel Rajadell"},"content":{"rendered":"\n<p>El Campus Gospel Rajadell, amb 15 edicions realitzades \u00e9s un esdeveniment \u00fanic en el seu g\u00e8nere.<\/p>\n\n\n\n<p>Al llarg de tres dies, apassionats del gospel procedents en la seva majoria de Catalunya, per\u00f2 tamb\u00e9 del Pa\u00eds Basc, Balears, Can\u00e0ries i la resta d\u2019Espanya, i tamb\u00e9 de Fran\u00e7a, It\u00e0lia, Alemanya, Regne Unit, etc conviuen compartint la seva passi\u00f3.<\/p>\n\n\n\n<p>Per aix\u00f2, enva\u00efm literalment un petit poble del Bages, situat enmig de la natura, on durant tres dies el gospel est\u00e0 constantment en tots els racons i en tot moment s\u2019escolten veus i m\u00fasica, proximitat i pau.<\/p>\n\n\n\n<p>Tallers durant el dia, concerts a la nit, Open sessions, In-house concerts&#8230;que converteixen Rajadell en un aut\u00e8ntic Gospel Village. Els vilatans acullen els artistes convidats a casa seva, generant un clima de proximitat i conviv\u00e8ncia que constitueix el segell d\u2019identitat del Campus Gospel Rajadell: un oasi on conviuen gent de diferents parts del m\u00f3n, amb diferents creences i proced\u00e8ncies, en absoluta harmonia.<\/p>\n\n\n\n<hr class=\"wp-block-separator events\" \/>\n\n\n\n<p>En anteriors edicions s\u2019ha comptat amb la participaci\u00f3 d\u2019artistes de primera l\u00ednia de USA, UK, \u00c1frica i Europa com <strong>Trey Mclaughlin &amp; Sounds of Zammar (USA), Linda Tillery &amp; Heritage Choir (USA), London Community Gospel Choir (UK), Campbell Brothers (USA), Bazil Meade Experience (UK), Messengers (SPA), Riga Gospel Choir (LATVIA), Sova Gospel Choir (SWIT), SAfari Children Choir (UGANDA), Lurine Cato (UK), Carla Jane (UK), Daniel Thomas (UK), Latonius (USA), Jason Taylor (USA), Joel Polo (USA), Keith Moncrieff (USA), etc.<\/strong><\/p>\n\n\n\n<hr class=\"wp-block-separator events\" \/>\n\n\n\n<ul class=\"wp-block-list\"><li><strong>Propera convocat\u00f2ria: <\/strong>8, 9 i 10 de juliol del 2022<\/li><li><strong>Lloc: <\/strong>Rajadell, Barcelona.<\/li><li><strong>Organitza: <\/strong>Esclat Gospel Singers &amp; Ramon Escal\u00e9.<\/li><li><strong>Patrocinadors:<\/strong> Es compta amb el suport log\u00edstic i econ\u00f2mic de l\u2019Ajuntament de Rajadell.<\/li><li><strong>Antiguitat: <\/strong>15 edicions celebrades des de 2005<\/li><li><strong>Artistes:<\/strong>  Dexter Walker (USA), Didier Likeng &amp; Gospel Wings(Bel), Erik Kaasa &amp; Safari Choir (Nor), Cinque Cullar (USA), Ramon Escal\u00e9 &amp; Esclat Gospel Singers &amp; Esclat Junior (CAT)<\/li><li><strong>Format:<\/strong> Cap de setmana<\/li><li><strong>Web i com apuntar-se:<\/strong> <a aria-label=\" (opens in a new tab)\" href=\"https:\/\/campusgospelrajadell.org\" target=\"_blank\" rel=\"noreferrer noopener\" class=\"ek-link\">https:\/\/campusgospelrajadell.org<\/a><\/li><\/ul>\n\n\n\n<hr class=\"wp-block-separator events\" \/>\n\n\n\n<h3 class=\"wp-block-heading\"><strong>Videos<\/strong><\/h3>\n\n\n\n<figure class=\"wp-block-embed is-type-video is-provider-youtube wp-block-embed-youtube wp-embed-aspect-16-9 wp-has-aspect-ratio\"><div class=\"wp-block-embed__wrapper\">\n<iframe loading=\"lazy\" title=\"\u00c8xit del Campus Gospel de Rajadell\" width=\"700\" height=\"394\" src=\"https:\/\/www.youtube.com\/embed\/UBVMlgfNEFY?feature=oembed\" frameborder=\"0\" allow=\"accelerometer; autoplay; encrypted-media; gyroscope; picture-in-picture\" allowfullscreen><\/iframe>\n<\/div><\/figure>\n\n\n\n<figure class=\"wp-block-embed is-type-video is-provider-youtube wp-block-embed-youtube wp-embed-aspect-16-9 wp-has-aspect-ratio\"><div class=\"wp-block-embed__wrapper\">\n<iframe loading=\"lazy\" title=\"InfoTaronja - 3\/7\/2017 - \u00c8xit del Campus de Rajadell\" width=\"700\" height=\"394\" src=\"https:\/\/www.youtube.com\/embed\/ixoWhPWj6RU?feature=oembed\" frameborder=\"0\" allow=\"accelerometer; autoplay; encrypted-media; gyroscope; picture-in-picture\" allowfullscreen><\/iframe>\n<\/div><\/figure>\n","protected":false},"excerpt":{"rendered":"<p>El Campus Gospel Rajadell, amb 15 edicions realitzades \u00e9s un esdeveniment \u00fanic en el seu g\u00e8nere. Al llarg de tres dies, apassionats del gospel procedents en la seva majoria de Catalunya, per\u00f2 tamb\u00e9 del Pa\u00eds Basc, Balears, Can\u00e0ries i la resta d\u2019Espanya, i tamb\u00e9 de Fran\u00e7a, It\u00e0lia, Alemanya, Regne Unit, etc conviuen compartint la seva [&hellip;]<\/p>\n","protected":false},"author":1,"featured_media":0,"parent":296,"menu_order":0,"comment_status":"closed","ping_status":"closed","template":"","meta":{"_editorskit_title_hidden":false,"_editorskit_reading_time":1,"_editorskit_is_block_options_detached":false,"_editorskit_block_options_position":"{}","_genesis_hide_title":false,"_genesis_hide_breadcrumbs":false,"_genesis_hide_singular_image":false,"_genesis_hide_footer_widgets":false,"_genesis_custom_body_class":"","_genesis_custom_post_class":"","_genesis_layout":"","editor_notices":[],"footnotes":""},"class_list":{"0":"post-475","1":"page","2":"type-page","3":"status-publish","5":"entry"},"_links":{"self":[{"href":"https:\/\/ramonescale.com\/ca\/wp-json\/wp\/v2\/pages\/475","targetHints":{"allow":["GET"]}}],"collection":[{"href":"https:\/\/ramonescale.com\/ca\/wp-json\/wp\/v2\/pages"}],"about":[{"href":"https:\/\/ramonescale.com\/ca\/wp-json\/wp\/v2\/types\/page"}],"author":[{"embeddable":true,"href":"https:\/\/ramonescale.com\/ca\/wp-json\/wp\/v2\/users\/1"}],"replies":[{"embeddable":true,"href":"https:\/\/ramonescale.com\/ca\/wp-json\/wp\/v2\/comments?post=475"}],"version-history":[{"count":7,"href":"https:\/\/ramonescale.com\/ca\/wp-json\/wp\/v2\/pages\/475\/revisions"}],"predecessor-version":[{"id":760,"href":"https:\/\/ramonescale.com\/ca\/wp-json\/wp\/v2\/pages\/475\/revisions\/760"}],"up":[{"embeddable":true,"href":"https:\/\/ramonescale.com\/ca\/wp-json\/wp\/v2\/pages\/296"}],"wp:attachment":[{"href":"https:\/\/ramonescale.com\/ca\/wp-json\/wp\/v2\/media?parent=475"}],"curies":[{"name":"wp","href":"https:\/\/api.w.org\/{rel}","templated":true}]}}

<p>El Campus Gospel Rajadell, amb 15 edicions realitzades és un esdeveniment únic en el seu gènere.</p>



<p>Al llarg de tres dies, apassionats del gospel procedents en la seva majoria de Catalunya, però també del País Basc, Balears, Canàries i la resta d’Espanya, i també de França, Itàlia, Alemanya, Regne Unit, etc conviuen compartint la seva passió.</p>



<p>Per això, envaïm literalment un petit poble del Bages, situat enmig de la natura, on durant tres dies el gospel està constantment en tots els racons i en tot moment s’escolten veus i música, proximitat i pau.</p>



<p>Tallers durant el dia, concerts a la nit, Open sessions, In-house concerts&#8230;que converteixen Rajadell en un autèntic Gospel Village. Els vilatans acullen els artistes convidats a casa seva, generant un clima de proximitat i convivència que constitueix el segell d’identitat del Campus Gospel Rajadell: un oasi on conviuen gent de diferents parts del món, amb diferents creences i procedències, en absoluta harmonia.</p>



<hr class="wp-block-separator events" />



<p>En anteriors edicions s’ha comptat amb la participació d’artistes de primera línia de USA, UK, África i Europa com <strong>Trey Mclaughlin &amp; Sounds of Zammar (USA), Linda Tillery &amp; Heritage Choir (USA), London Community Gospel Choir (UK), Campbell Brothers (USA), Bazil Meade Experience (UK), Messengers (SPA), Riga Gospel Choir (LATVIA), Sova Gospel Choir (SWIT), SAfari Children Choir (UGANDA), Lurine Cato (UK), Carla Jane (UK), Daniel Thomas (UK), Latonius (USA), Jason Taylor (USA), Joel Polo (USA), Keith Moncrieff (USA), etc.</strong></p>



<hr class="wp-block-separator events" />



<ul class="wp-block-list"><li><strong>Propera convocatòria: </strong>8, 9 i 10 de juliol del 2022</li><li><strong>Lloc: </strong>Rajadell, Barcelona.</li><li><strong>Organitza: </strong>Esclat Gospel Singers &amp; Ramon Escalé.</li><li><strong>Patrocinadors:</strong> Es compta amb el suport logístic i econòmic de l’Ajuntament de Rajadell.</li><li><strong>Antiguitat: </strong>15 edicions celebrades des de 2005</li><li><strong>Artistes:</strong>  Dexter Walker (USA), Didier Likeng &amp; Gospel Wings(Bel), Erik Kaasa &amp; Safari Choir (Nor), Cinque Cullar (USA), Ramon Escalé &amp; Esclat Gospel Singers &amp; Esclat Junior (CAT)</li><li><strong>Format:</strong> Cap de setmana</li><li><strong>Web i com apuntar-se:</strong> <a aria-label=" (opens in a new tab)" href="https://campusgospelrajadell.org" target="_blank" rel="noreferrer noopener" class="ek-link">https://campusgospelrajadell.org</a></li></ul>



<hr class="wp-block-separator events" />



<h3 class="wp-block-heading"><strong>Videos</strong></h3>



<figure class="wp-block-embed is-type-video is-provider-youtube wp-block-embed-youtube wp-embed-aspect-16-9 wp-has-aspect-ratio"><div class="wp-block-embed__wrapper">
<iframe loading="lazy" title="Èxit del Campus Gospel de Rajadell" width="700" height="394" src="https://www.youtube.com/embed/UBVMlgfNEFY?feature=oembed" frameborder="0" allow="accelerometer; autoplay; encrypted-media; gyroscope; picture-in-picture" allowfullscreen></iframe>
</div></figure>



<figure class="wp-block-embed is-type-video is-provider-youtube wp-block-embed-youtube wp-embed-aspect-16-9 wp-has-aspect-ratio"><div class="wp-block-embed__wrapper">
<iframe loading="lazy" title="InfoTaronja - 3/7/2017 - Èxit del Campus de Rajadell" width="700" height="394" src="https://www.youtube.com/embed/ixoWhPWj6RU?feature=oembed" frameborder="0" allow="accelerometer; autoplay; encrypted-media; gyroscope; picture-in-picture" allowfullscreen></iframe>
</div></figure>

<p>El Campus Gospel Rajadell, amb 15 edicions realitzades és un esdeveniment únic en el seu gènere. Al llarg de tres dies, apassionats del gospel procedents en la seva majoria de Catalunya, però també del País Basc, Balears, Canàries i la resta d’Espanya, i també de França, Itàlia, Alemanya, Regne Unit, etc conviuen compartint la seva [&hellip;]</p>
