{"id":290,"date":"2020-02-20T12:04:32","date_gmt":"2020-02-20T11:04:32","guid":{"rendered":"https:\/\/ramonescale.com\/?page_id=290"},"modified":"2024-05-01T16:03:28","modified_gmt":"2024-05-01T14:03:28","slug":"espectaculos","status":"publish","type":"page","link":"https:\/\/ramonescale.com\/es\/espectaculos\/","title":{"rendered":"Espect\u00e1culos"},"content":{"rendered":"\n<div class=\"wp-block-cover alignfull\"><span aria-hidden=\"true\" class=\"wp-block-cover__background has-background-dim-30 has-background-dim\" style=\"background-color:#39b39d\"><\/span><img loading=\"lazy\" decoding=\"async\" width=\"1920\" height=\"820\" class=\"wp-block-cover__image-background wp-image-326\" alt=\"\" src=\"https:\/\/ramonescale.com\/wp-content\/uploads\/sites\/3\/2020\/02\/shows-01-cropped.jpg\" data-object-fit=\"cover\" srcset=\"https:\/\/ramonescale.com\/es\/wp-content\/uploads\/sites\/3\/2020\/02\/shows-01-cropped.jpg 1920w, https:\/\/ramonescale.com\/es\/wp-content\/uploads\/sites\/3\/2020\/02\/shows-01-cropped-300x128.jpg 300w, https:\/\/ramonescale.com\/es\/wp-content\/uploads\/sites\/3\/2020\/02\/shows-01-cropped-1024x437.jpg 1024w, https:\/\/ramonescale.com\/es\/wp-content\/uploads\/sites\/3\/2020\/02\/shows-01-cropped-768x328.jpg 768w, https:\/\/ramonescale.com\/es\/wp-content\/uploads\/sites\/3\/2020\/02\/shows-01-cropped-1536x656.jpg 1536w\" sizes=\"auto, (max-width: 1920px) 100vw, 1920px\" \/><div class=\"wp-block-cover__inner-container is-layout-flow wp-block-cover-is-layout-flow\">\n<p class=\"has-text-align-center has-large-font-size\">La calidad de nuestros espect\u00e1culos y la conexi\u00f3n con el p\u00fablico son nuestras se\u00f1as de identidad<\/p>\n<\/div><\/div>\n\n\n\n<div style=\"height:50px\" aria-hidden=\"true\" class=\"wp-block-spacer\"><\/div>\n\n\n\n<p>A trav\u00e9s de las distintas formaciones musicales que dirijo, he creado espect\u00e1culos con sello propio, tanto a nivel de repertorio, como de puesta en escena, y sonido grupal, encaminando todo a un solo y <strong>gran objetivo<\/strong>:<\/p>\n\n\n\n<p><strong>\u00a1Conectar! <\/strong>Para ello, pongo todo mi energ\u00eda en hacer desaparecer la <strong>barrera entre escenario y p\u00fablico<\/strong>, y fundirnos todos en una <strong>experiencia emocional y musical \u00fanica<\/strong><em>, <\/em>donde reinen la autenticidad, la profesionalidad, la calidad, las buenas vibraciones y la originalidad.<\/p>\n\n\n\n<h3 class=\"wp-block-heading has-text-align-center\">M\u00e1s de 40 a\u00f1os creando espect\u00e1culos y siendo pioneros de una forma muy personal de llevar la m\u00fasica a los escenarios avalan esta conexi\u00f3n<\/h3>\n\n\n\n<p>La alegr\u00eda, la energ\u00eda y el sentido del humor, as\u00ed como nuestra pasi\u00f3n, ilusi\u00f3n y naturalidad, siempre presentes en nuestras actuaciones, siguen siendo nuestro ADN tras todos estos a\u00f1os, y eso, se percibe y se siente en el escenario.<\/p>\n\n\n\n<p>Mi actividad abarca todo el proceso de creaci\u00f3n de un espect\u00e1culo con cada una de las formaciones y su posterior montaje y entramado musical: composici\u00f3n, arreglos musicales, direcci\u00f3n, ensayos, puesta en escena, casting, etc.<\/p>\n\n\n\n<p>En nuestro curr\u00edculum figuran colaboraciones de prestigio como  <strong>Bazil Meade &amp; LCGC, Donald Lawrence, Daniel Thomas, Isaac Cates, Trey McLaughlin, Lurine Cato, Rosemary Cosby, Carla Jane, Annette Bowen, Becky Thomas, Jason Taylor<\/strong>, <strong>Andrea Motis, Theresa Kis<\/strong>, <strong>Hans C.Jochimsen, Didier Likeng, Joakim Arenius, Colin Vassell<\/strong>, <strong>Fred Lewin<\/strong>,etc en el \u00e1mbito del Gospel y de <strong>Chucho Vald\u00e9s, Omara Portuondo, Paquito de Rivera y Jerry Gonz\u00e1lez<\/strong> en el \u00e1mbito&nbsp; del latin jazz,<\/p>\n\n\n\n<h3 class=\"wp-block-heading has-text-align-center\"><\/h3>\n\n\n\n<figure class=\"wp-block-table\"><table class=\"has-fixed-layout\"><thead><tr><th><strong>Nombre del espect\u00e1culo<\/strong><\/th><th><strong>Formaci\u00f3n<\/strong><\/th><th class=\"has-text-align-center\" data-align=\"center\"><strong>Estilo musical<\/strong><\/th><\/tr><\/thead><tbody><tr><td><a href=\"https:\/\/ramonescale.com\/es\/espectaculos\/listen-to-the-music\/\" class=\"ek-link\">Listen to the Music!<\/a><\/td><td>Barcelona Gospel Messengers<\/td><td class=\"has-text-align-center\" data-align=\"center\">Gospel &amp; Soul<\/td><\/tr><tr><td><a href=\"https:\/\/ramonescale.com\/es\/espectaculos\/symphonic-gospel\/\" class=\"ek-link\">Symphonic Gospel<\/a><\/td><td>Messengers &amp; Goizargi Gospel Choir &amp; Banda Sinf\u00f3nica<\/td><td class=\"has-text-align-center\" data-align=\"center\">Gospel Sinf\u00f3nico<\/td><\/tr><tr><td><a href=\"https:\/\/ramonescale.com\/es\/espectaculos\/gospel-meets-flamenco\/\" class=\"ek-link\">Gospel meets Flamenco<\/a><\/td><td>The Lamento<\/td><td class=\"has-text-align-center\" data-align=\"center\">Gospel Flamenco fusion<\/td><\/tr><tr><td><a href=\"https:\/\/ramonescale.com\/es\/espectaculos\/gospel-meets-latin\/\">Gospel meets Latin<\/a><\/td><td>London Community Gospel Choir &amp; Messengers &amp; Barcelona Big Latin Band<\/td><td class=\"has-text-align-center\" data-align=\"center\">Gospel Latin fusion<\/td><\/tr><tr><td><a href=\"https:\/\/ramonescale.com\/es\/espectaculos\/indianos-canciones-de-ida-y-vuelta\/\" class=\"ek-link\">Indianos. Canciones de ida y vuelta<\/a><\/td><td>Camerata Bacasis &amp; Ramon Escal\u00e9 Latin Trio<\/td><td class=\"has-text-align-center\" data-align=\"center\">Latin<\/td><\/tr><tr><td><a href=\"https:\/\/ramonescale.com\/es\/espectaculos\/time-to-gospel\/\" class=\"ek-link\">Life Celebration<\/a><br><\/td><td>Goizargi Gospel Choir<\/td><td class=\"has-text-align-center\" data-align=\"center\">Gospel<\/td><\/tr><tr><td><a href=\"https:\/\/ramonescale.com\/es\/espectaculos\/from-the-heart-of-africa\/\" class=\"ek-link\">From the heart of Africa<\/a><\/td><td>Esclat Gospel Singers &amp; Barcelona Big Latin Band<\/td><td class=\"has-text-align-center\" data-align=\"center\">Gospel<\/td><\/tr><\/tbody><\/table><\/figure>\n\n\n\n<hr class=\"wp-block-separator has-css-opacity\" \/>\n\n\n\n<h2 class=\"wp-block-heading has-text-align-center\">Testimonios<\/h2>\n\n\n\n<div class=\"wp-block-columns alignwide is-layout-flex wp-container-core-columns-is-layout-9d6595d7 wp-block-columns-is-layout-flex\">\n<div class=\"wp-block-column is-layout-flow wp-block-column-is-layout-flow\">\n<blockquote class=\"wp-block-quote is-layout-flow wp-block-quote-is-layout-flow\">\n<p>Ram\u00f3n es riguroso, apasionado y ha sabido rodearse de buena gente tanto a nivel humano como profesional. Le gusta entregarse al p\u00fablico, es valiente, innovador, aut\u00e9ntico, simp\u00e1tico, magn\u00e9tico, siempre est\u00e1 form\u00e1ndose, y reinvent\u00e1ndose. Puede que haga cosas diferentes pero siempre ofrece calidad y autenticidad.<\/p>\n<cite>Olga Mart\u00ednez. Cantant<\/cite><\/blockquote>\n<\/div>\n\n\n\n<div class=\"wp-block-column is-layout-flow wp-block-column-is-layout-flow\">\n<blockquote class=\"wp-block-quote is-layout-flow wp-block-quote-is-layout-flow\">\n<p>Ramon marca la diferencia gracias a su naturalidad y sencillez a la hora de comunicar y transmitir. Tiene una capacidad para cautivar a cantantes, y liderarlos con sencillez y humildad. Tiene una gran talento como director, y especialmente como m\u00fasico. Me gusta mucho. Tiene carisma y sabe ponerse frente a un proyecto escuchando a todos. Sus eventos me encantan, no me pierdo ni uno.<\/p>\n<cite>Imma Joseph. Responsable de coro<\/cite><\/blockquote>\n<\/div>\n\n\n\n<div class=\"wp-block-column is-layout-flow wp-block-column-is-layout-flow\">\n<blockquote class=\"wp-block-quote is-layout-flow wp-block-quote-is-layout-flow\">\n<p>Cuando Ram\u00f3n sube a un escenario rodeado de m\u00fasicos y cantantes es cuando crece m\u00e1s como director.<\/p>\n<cite>Lola Alarc\u00f3n. Alumna del College<\/cite><\/blockquote>\n<\/div>\n<\/div>\n\n\n\n<p><\/p>\n","protected":false},"excerpt":{"rendered":"<p>A trav\u00e9s de las distintas formaciones musicales que dirijo, he creado espect\u00e1culos con sello propio, tanto a nivel de repertorio, como de puesta en escena, y sonido grupal, encaminando todo a un solo y gran objetivo: \u00a1Conectar! Para ello, pongo todo mi energ\u00eda en hacer desaparecer la barrera entre escenario y p\u00fablico, y fundirnos todos [&hellip;]<\/p>\n","protected":false},"author":1,"featured_media":0,"parent":0,"menu_order":6,"comment_status":"closed","ping_status":"closed","template":"","meta":{"_editorskit_title_hidden":false,"_editorskit_reading_time":2,"_editorskit_is_block_options_detached":false,"_editorskit_block_options_position":"{}","_genesis_hide_title":false,"_genesis_hide_breadcrumbs":false,"_genesis_hide_singular_image":false,"_genesis_hide_footer_widgets":false,"_genesis_custom_body_class":"","_genesis_custom_post_class":"","_genesis_layout":"","editor_notices":[],"footnotes":""},"class_list":{"0":"post-290","1":"page","2":"type-page","3":"status-publish","5":"entry"},"_links":{"self":[{"href":"https:\/\/ramonescale.com\/es\/wp-json\/wp\/v2\/pages\/290","targetHints":{"allow":["GET"]}}],"collection":[{"href":"https:\/\/ramonescale.com\/es\/wp-json\/wp\/v2\/pages"}],"about":[{"href":"https:\/\/ramonescale.com\/es\/wp-json\/wp\/v2\/types\/page"}],"author":[{"embeddable":true,"href":"https:\/\/ramonescale.com\/es\/wp-json\/wp\/v2\/users\/1"}],"replies":[{"embeddable":true,"href":"https:\/\/ramonescale.com\/es\/wp-json\/wp\/v2\/comments?post=290"}],"version-history":[{"count":18,"href":"https:\/\/ramonescale.com\/es\/wp-json\/wp\/v2\/pages\/290\/revisions"}],"predecessor-version":[{"id":825,"href":"https:\/\/ramonescale.com\/es\/wp-json\/wp\/v2\/pages\/290\/revisions\/825"}],"wp:attachment":[{"href":"https:\/\/ramonescale.com\/es\/wp-json\/wp\/v2\/media?parent=290"}],"curies":[{"name":"wp","href":"https:\/\/api.w.org\/{rel}","templated":true}]}}

Espectáculos

<div class="wp-block-cover alignfull"><span aria-hidden="true" class="wp-block-cover__background has-background-dim-30 has-background-dim" style="background-color:#39b39d"></span><img loading="lazy" decoding="async" width="1920" height="820" class="wp-block-cover__image-background wp-image-326" alt="" src="https://ramonescale.com/wp-content/uploads/sites/3/2020/02/shows-01-cropped.jpg" data-object-fit="cover" srcset="https://ramonescale.com/es/wp-content/uploads/sites/3/2020/02/shows-01-cropped.jpg 1920w, https://ramonescale.com/es/wp-content/uploads/sites/3/2020/02/shows-01-cropped-300x128.jpg 300w, https://ramonescale.com/es/wp-content/uploads/sites/3/2020/02/shows-01-cropped-1024x437.jpg 1024w, https://ramonescale.com/es/wp-content/uploads/sites/3/2020/02/shows-01-cropped-768x328.jpg 768w, https://ramonescale.com/es/wp-content/uploads/sites/3/2020/02/shows-01-cropped-1536x656.jpg 1536w" sizes="auto, (max-width: 1920px) 100vw, 1920px" /><div class="wp-block-cover__inner-container is-layout-flow wp-block-cover-is-layout-flow">
<p class="has-text-align-center has-large-font-size">La calidad de nuestros espectáculos y la conexión con el público son nuestras señas de identidad</p>
</div></div>



<div style="height:50px" aria-hidden="true" class="wp-block-spacer"></div>



<p>A través de las distintas formaciones musicales que dirijo, he creado espectáculos con sello propio, tanto a nivel de repertorio, como de puesta en escena, y sonido grupal, encaminando todo a un solo y <strong>gran objetivo</strong>:</p>



<p><strong>¡Conectar! </strong>Para ello, pongo todo mi energía en hacer desaparecer la <strong>barrera entre escenario y público</strong>, y fundirnos todos en una <strong>experiencia emocional y musical única</strong><em>, </em>donde reinen la autenticidad, la profesionalidad, la calidad, las buenas vibraciones y la originalidad.</p>



<h3 class="wp-block-heading has-text-align-center">Más de 40 años creando espectáculos y siendo pioneros de una forma muy personal de llevar la música a los escenarios avalan esta conexión</h3>



<p>La alegría, la energía y el sentido del humor, así como nuestra pasión, ilusión y naturalidad, siempre presentes en nuestras actuaciones, siguen siendo nuestro ADN tras todos estos años, y eso, se percibe y se siente en el escenario.</p>



<p>Mi actividad abarca todo el proceso de creación de un espectáculo con cada una de las formaciones y su posterior montaje y entramado musical: composición, arreglos musicales, dirección, ensayos, puesta en escena, casting, etc.</p>



<p>En nuestro currículum figuran colaboraciones de prestigio como  <strong>Bazil Meade &amp; LCGC, Donald Lawrence, Daniel Thomas, Isaac Cates, Trey McLaughlin, Lurine Cato, Rosemary Cosby, Carla Jane, Annette Bowen, Becky Thomas, Jason Taylor</strong>, <strong>Andrea Motis, Theresa Kis</strong>, <strong>Hans C.Jochimsen, Didier Likeng, Joakim Arenius, Colin Vassell</strong>, <strong>Fred Lewin</strong>,etc en el ámbito del Gospel y de <strong>Chucho Valdés, Omara Portuondo, Paquito de Rivera y Jerry González</strong> en el ámbito&nbsp; del latin jazz,</p>



<h3 class="wp-block-heading has-text-align-center"></h3>



<figure class="wp-block-table"><table class="has-fixed-layout"><thead><tr><th><strong>Nombre del espectáculo</strong></th><th><strong>Formación</strong></th><th class="has-text-align-center" data-align="center"><strong>Estilo musical</strong></th></tr></thead><tbody><tr><td><a href="https://ramonescale.com/es/espectaculos/listen-to-the-music/" class="ek-link">Listen to the Music!</a></td><td>Barcelona Gospel Messengers</td><td class="has-text-align-center" data-align="center">Gospel &amp; Soul</td></tr><tr><td><a href="https://ramonescale.com/es/espectaculos/symphonic-gospel/" class="ek-link">Symphonic Gospel</a></td><td>Messengers &amp; Goizargi Gospel Choir &amp; Banda Sinfónica</td><td class="has-text-align-center" data-align="center">Gospel Sinfónico</td></tr><tr><td><a href="https://ramonescale.com/es/espectaculos/gospel-meets-flamenco/" class="ek-link">Gospel meets Flamenco</a></td><td>The Lamento</td><td class="has-text-align-center" data-align="center">Gospel Flamenco fusion</td></tr><tr><td><a href="https://ramonescale.com/es/espectaculos/gospel-meets-latin/">Gospel meets Latin</a></td><td>London Community Gospel Choir &amp; Messengers &amp; Barcelona Big Latin Band</td><td class="has-text-align-center" data-align="center">Gospel Latin fusion</td></tr><tr><td><a href="https://ramonescale.com/es/espectaculos/indianos-canciones-de-ida-y-vuelta/" class="ek-link">Indianos. Canciones de ida y vuelta</a></td><td>Camerata Bacasis &amp; Ramon Escalé Latin Trio</td><td class="has-text-align-center" data-align="center">Latin</td></tr><tr><td><a href="https://ramonescale.com/es/espectaculos/time-to-gospel/" class="ek-link">Life Celebration</a><br></td><td>Goizargi Gospel Choir</td><td class="has-text-align-center" data-align="center">Gospel</td></tr><tr><td><a href="https://ramonescale.com/es/espectaculos/from-the-heart-of-africa/" class="ek-link">From the heart of Africa</a></td><td>Esclat Gospel Singers &amp; Barcelona Big Latin Band</td><td class="has-text-align-center" data-align="center">Gospel</td></tr></tbody></table></figure>



<hr class="wp-block-separator has-css-opacity" />



<h2 class="wp-block-heading has-text-align-center">Testimonios</h2>



<div class="wp-block-columns alignwide is-layout-flex wp-container-core-columns-is-layout-9d6595d7 wp-block-columns-is-layout-flex">
<div class="wp-block-column is-layout-flow wp-block-column-is-layout-flow">
<blockquote class="wp-block-quote is-layout-flow wp-block-quote-is-layout-flow">
<p>Ramón es riguroso, apasionado y ha sabido rodearse de buena gente tanto a nivel humano como profesional. Le gusta entregarse al público, es valiente, innovador, auténtico, simpático, magnético, siempre está formándose, y reinventándose. Puede que haga cosas diferentes pero siempre ofrece calidad y autenticidad.</p>
<cite>Olga Martínez. Cantant</cite></blockquote>
</div>



<div class="wp-block-column is-layout-flow wp-block-column-is-layout-flow">
<blockquote class="wp-block-quote is-layout-flow wp-block-quote-is-layout-flow">
<p>Ramon marca la diferencia gracias a su naturalidad y sencillez a la hora de comunicar y transmitir. Tiene una capacidad para cautivar a cantantes, y liderarlos con sencillez y humildad. Tiene una gran talento como director, y especialmente como músico. Me gusta mucho. Tiene carisma y sabe ponerse frente a un proyecto escuchando a todos. Sus eventos me encantan, no me pierdo ni uno.</p>
<cite>Imma Joseph. Responsable de coro</cite></blockquote>
</div>



<div class="wp-block-column is-layout-flow wp-block-column-is-layout-flow">
<blockquote class="wp-block-quote is-layout-flow wp-block-quote-is-layout-flow">
<p>Cuando Ramón sube a un escenario rodeado de músicos y cantantes es cuando crece más como director.</p>
<cite>Lola Alarcón. Alumna del College</cite></blockquote>
</div>
</div>



<p></p>

<p>A través de las distintas formaciones musicales que dirijo, he creado espectáculos con sello propio, tanto a nivel de repertorio, como de puesta en escena, y sonido grupal, encaminando todo a un solo y gran objetivo: ¡Conectar! Para ello, pongo todo mi energía en hacer desaparecer la barrera entre escenario y público, y fundirnos todos [&hellip;]</p>
