{"id":296,"date":"2020-02-20T12:22:21","date_gmt":"2020-02-20T11:22:21","guid":{"rendered":"https:\/\/ramonescale.com\/?page_id=296"},"modified":"2022-10-11T17:08:55","modified_gmt":"2022-10-11T15:08:55","slug":"eventos-fundacion","status":"publish","type":"page","link":"https:\/\/ramonescale.com\/es\/eventos-fundacion\/","title":{"rendered":"Eventos &amp; Fundaci\u00f3n"},"content":{"rendered":"\n<div class=\"wp-block-cover alignfull\"><span aria-hidden=\"true\" class=\"wp-block-cover__background has-background-dim-30 has-background-dim\" style=\"background-color:#dd0063\"><\/span><img loading=\"lazy\" decoding=\"async\" width=\"1024\" height=\"377\" class=\"wp-block-cover__image-background wp-image-322\" src=\"https:\/\/ramonescale.com\/wp-content\/uploads\/sites\/3\/2020\/02\/events-01-cropped-1024x377.jpg\" data-object-fit=\"cover\" srcset=\"https:\/\/ramonescale.com\/es\/wp-content\/uploads\/sites\/3\/2020\/02\/events-01-cropped-1024x377.jpg 1024w, https:\/\/ramonescale.com\/es\/wp-content\/uploads\/sites\/3\/2020\/02\/events-01-cropped-300x110.jpg 300w, https:\/\/ramonescale.com\/es\/wp-content\/uploads\/sites\/3\/2020\/02\/events-01-cropped-768x282.jpg 768w, https:\/\/ramonescale.com\/es\/wp-content\/uploads\/sites\/3\/2020\/02\/events-01-cropped-1536x565.jpg 1536w, https:\/\/ramonescale.com\/es\/wp-content\/uploads\/sites\/3\/2020\/02\/events-01-cropped.jpg 1920w\" sizes=\"auto, (max-width: 1024px) 100vw, 1024px\" \/><div class=\"wp-block-cover__inner-container is-layout-flow wp-block-cover-is-layout-flow\">\n<p class=\"has-text-align-center has-large-font-size\">Ad\u00e9ntrate en una experiencia gospel<\/p>\n\n\n\n<p class=\"has-text-align-center has-medium-font-size\"><strong>Vive una celebration gospel<\/strong><\/p>\n<\/div><\/div>\n\n\n\n<div style=\"height:50px\" aria-hidden=\"true\" class=\"wp-block-spacer\"><\/div>\n\n\n\n<p>Fruto de mi pasi\u00f3n por el gospel y mi ilusi\u00f3n y ganas por compartir, impulsar y acercar este hermoso lenguaje musical lleno emoci\u00f3n, energ\u00eda y unidad, nacen todos los eventos que organizo.<\/p>\n\n\n\n<p>En cada uno de ellos, los participantes tienen la oportunidad de vivir una experiencia \u00fanica e intensa en donde adem\u00e1s de aprender gospel, se emocionan, r\u00eden, cantan, comparten y conviven con personas de diferentes creencias, procedencias y tradiciones.<\/p>\n\n\n\n<p>Nuestra promesa en cada evento es convertirlo en un referente capaz de convocar a<strong> los mejores artistas de gospel internacionales<\/strong> para que todos tengamos la ocasi\u00f3n de aprender de ellos, verlos actuar, recibir clases y vivir la magia del gospel m\u00e1s aut\u00e9ntico.<\/p>\n\n\n\n<p>Es dif\u00edcil trasladar en palabras lo que se vive en estos encuentros de gospel. Se experimentan estados emocionales potentes, aunque muy sencillos al mismo tiempo. Es alegr\u00eda desde la sencillez, desde la simple satisfacci\u00f3n de estar compartiendo, de pertenecer a algo que va m\u00e1s all\u00e1 de uno. Es una forma de celebrar la vida a trav\u00e9s del gospel, a trav\u00e9s de la m\u00fasica, de acercarse al gospel de una manera festiva totalmente l\u00fadica, abierta tanto a profesionales como amateurs o personas con curiosidad por el gospel.<\/p>\n\n\n\n<h3 class=\"wp-block-heading\">En nuestros eventos:<\/h3>\n\n\n\n<ul class=\"wp-block-list\"><li>Vivir\u00e1s la m\u00fasica y concretamente, el gospel, desde \u201cdentro\u201d, con toda la autenticidad y la potencia de su mensaje.<\/li><li>Disfrutar\u00e1s de la m\u00fasica de una forma nueva, llena de energ\u00eda renovada y positiva.<\/li><li>Formar\u00e1s parte de un todo desde tu individualidad y te emocionaras formando parte de algo intangible, pero al mismo tiempo, real y poderoso como la percepci\u00f3n de centenares de personas conectadas \u00edntimamente a trav\u00e9s del sonido de sus voces.<\/li><li>Te sentir\u00e1s vivo, vivir\u00e1s una experiencia de celebraci\u00f3n de la vida, de cercan\u00eda, de relaciones humanas en su mejor versi\u00f3n<\/li><li>Profundizar\u00e1s de la mano de las grandes figuras del gospel internacional, b\u00e1sicamente de USA y UK, en todas las facetas musicales y emocionales que conforman el gospel.<\/li><li>Comprender\u00e1s de manera vivencial el mensaje universal del gospel que va m\u00e1s all\u00e1 de las distintas creencias, culturas&nbsp; y procedencias<\/li><\/ul>\n\n\n\n<h3 class=\"wp-block-heading\"><strong>A qui\u00e9n va dirigido:<\/strong><\/h3>\n\n\n\n<ul class=\"wp-block-list\"><li>Si est\u00e1s interesado en el gospel y tienes curiosidad por entender en qu\u00e9 consiste su magia y atractivo.<\/li><li>Si cantas actualmente en un coro y necesitas ir m\u00e1s all\u00e1.<\/li><li>Si quieres disfrutar de las actuaciones en directo y workshops de las grandes figuras internacionales.<\/li><li>Si quieres compartir tu pasi\u00f3n por el gospel con gente de otras culturas y procedencias.<\/li><li>Si quieres comprender de manera pr\u00e1ctica y vivencial la universalidad de su mensaje.<\/li><\/ul>\n\n\n\n<h3 class=\"wp-block-heading\"><strong>Productora &#8211; Eventos<\/strong><\/h3>\n\n\n\n<h4 class=\"wp-block-heading\"><strong>Festivales. Fundador y director pedag\u00f3gico<\/strong><\/h4>\n\n\n\n<ul class=\"wp-block-list\"><li><a href=\"https:\/\/ramonescale.com\/es\/eventos-fundacion\/campus-gospel-rajadell\/\" class=\"ek-link\">Campus Gospel Rajadell<\/a><\/li><li><a href=\"https:\/\/ramonescale.com\/es\/eventos-fundacion\/one-heart-gospel-festival\/\" class=\"ek-link\">One Heart. International Gospel Festival<\/a><span style=\"color: initial\">. Barcelona<\/span><\/li><li><span style=\"color: initial\">UNITY. 400 veus per la Pau.<\/span><\/li><\/ul>\n\n\n\n<h4 class=\"wp-block-heading\"><strong>Foundation. Colaborador.<\/strong><\/h4>\n\n\n\n<ul class=\"wp-block-list\"><li>New Life school. Safari Children\u2019s Choir. Entebbe (Uganda)<\/li><li>Chazon Children Center Molo ( Kenya ). <\/li><li>Collaborations with GTM Ministries. Siena \/ Sardinia \/ Telti. <\/li><\/ul>\n\n\n\n<hr class=\"wp-block-separator has-css-opacity\" \/>\n\n\n\n<h2 class=\"has-text-align-center wp-block-heading\">Testimonios<\/h2>\n\n\n\n<div class=\"wp-block-columns alignwide is-layout-flex wp-container-core-columns-is-layout-9d6595d7 wp-block-columns-is-layout-flex\">\n<div class=\"wp-block-column is-layout-flow wp-block-column-is-layout-flow\">\n<blockquote class=\"wp-block-quote is-layout-flow wp-block-quote-is-layout-flow\"><p>Ram\u00f3n es de esas personas que tiene \u00e1ngel y adem\u00e1s de su talento para la m\u00fasica, es un l\u00edder. Tiene el poder de mover a las personas por dentro y por fuera. Todo lo hace de una forma muy espont\u00e1nea, innata, no representa ning\u00fan papel, es aut\u00e8ntico. Trabajando es muy serio, aunque nunca olvida su sentido del humor y la risa. Sus eventos mueven monta\u00f1as, y \u00e9l es la punta del iceberg de cada uno de ellos.<\/p><cite>David Casamitjana. Ingeniero de sonido<\/cite><\/blockquote>\n<\/div>\n\n\n\n<div class=\"wp-block-column is-layout-flow wp-block-column-is-layout-flow\">\n<blockquote class=\"wp-block-quote is-layout-flow wp-block-quote-is-layout-flow\"><p>Ramon marca la diferencia gracias a su naturalidad y sencillez a la hora de comunicar y transmitir. Tiene una capacidad para cautivar a cantantes, y liderarlos con sencillez y humildad. Tiene una gran talento como director, y especialmente como m\u00fasico. Me gusta mucho. Tiene carisma y sabe ponerse frente a un proyecto escuchando a todos. Sus eventos me encantan, no me pierdo ni uno.<\/p><cite>Imma Joseph. Responsable de coro<\/cite><\/blockquote>\n<\/div>\n<\/div>\n\n\n\n<p><\/p>\n","protected":false},"excerpt":{"rendered":"<p>Fruto de mi pasi\u00f3n por el gospel y mi ilusi\u00f3n y ganas por compartir, impulsar y acercar este hermoso lenguaje musical lleno emoci\u00f3n, energ\u00eda y unidad, nacen todos los eventos que organizo. En cada uno de ellos, los participantes tienen la oportunidad de vivir una experiencia \u00fanica e intensa en donde adem\u00e1s de aprender gospel, [&hellip;]<\/p>\n","protected":false},"author":1,"featured_media":0,"parent":0,"menu_order":7,"comment_status":"closed","ping_status":"closed","template":"","meta":{"_editorskit_title_hidden":false,"_editorskit_reading_time":3,"_editorskit_is_block_options_detached":false,"_editorskit_block_options_position":"{}","_genesis_hide_title":false,"_genesis_hide_breadcrumbs":false,"_genesis_hide_singular_image":false,"_genesis_hide_footer_widgets":false,"_genesis_custom_body_class":"","_genesis_custom_post_class":"","_genesis_layout":"","editor_notices":[],"footnotes":""},"class_list":{"0":"post-296","1":"page","2":"type-page","3":"status-publish","5":"entry"},"_links":{"self":[{"href":"https:\/\/ramonescale.com\/es\/wp-json\/wp\/v2\/pages\/296","targetHints":{"allow":["GET"]}}],"collection":[{"href":"https:\/\/ramonescale.com\/es\/wp-json\/wp\/v2\/pages"}],"about":[{"href":"https:\/\/ramonescale.com\/es\/wp-json\/wp\/v2\/types\/page"}],"author":[{"embeddable":true,"href":"https:\/\/ramonescale.com\/es\/wp-json\/wp\/v2\/users\/1"}],"replies":[{"embeddable":true,"href":"https:\/\/ramonescale.com\/es\/wp-json\/wp\/v2\/comments?post=296"}],"version-history":[{"count":26,"href":"https:\/\/ramonescale.com\/es\/wp-json\/wp\/v2\/pages\/296\/revisions"}],"predecessor-version":[{"id":750,"href":"https:\/\/ramonescale.com\/es\/wp-json\/wp\/v2\/pages\/296\/revisions\/750"}],"wp:attachment":[{"href":"https:\/\/ramonescale.com\/es\/wp-json\/wp\/v2\/media?parent=296"}],"curies":[{"name":"wp","href":"https:\/\/api.w.org\/{rel}","templated":true}]}}

Eventos &amp; Fundación

<div class="wp-block-cover alignfull"><span aria-hidden="true" class="wp-block-cover__background has-background-dim-30 has-background-dim" style="background-color:#dd0063"></span><img loading="lazy" decoding="async" width="1024" height="377" class="wp-block-cover__image-background wp-image-322" src="https://ramonescale.com/wp-content/uploads/sites/3/2020/02/events-01-cropped-1024x377.jpg" data-object-fit="cover" srcset="https://ramonescale.com/es/wp-content/uploads/sites/3/2020/02/events-01-cropped-1024x377.jpg 1024w, https://ramonescale.com/es/wp-content/uploads/sites/3/2020/02/events-01-cropped-300x110.jpg 300w, https://ramonescale.com/es/wp-content/uploads/sites/3/2020/02/events-01-cropped-768x282.jpg 768w, https://ramonescale.com/es/wp-content/uploads/sites/3/2020/02/events-01-cropped-1536x565.jpg 1536w, https://ramonescale.com/es/wp-content/uploads/sites/3/2020/02/events-01-cropped.jpg 1920w" sizes="auto, (max-width: 1024px) 100vw, 1024px" /><div class="wp-block-cover__inner-container is-layout-flow wp-block-cover-is-layout-flow">
<p class="has-text-align-center has-large-font-size">Adéntrate en una experiencia gospel</p>



<p class="has-text-align-center has-medium-font-size"><strong>Vive una celebration gospel</strong></p>
</div></div>



<div style="height:50px" aria-hidden="true" class="wp-block-spacer"></div>



<p>Fruto de mi pasión por el gospel y mi ilusión y ganas por compartir, impulsar y acercar este hermoso lenguaje musical lleno emoción, energía y unidad, nacen todos los eventos que organizo.</p>



<p>En cada uno de ellos, los participantes tienen la oportunidad de vivir una experiencia única e intensa en donde además de aprender gospel, se emocionan, ríen, cantan, comparten y conviven con personas de diferentes creencias, procedencias y tradiciones.</p>



<p>Nuestra promesa en cada evento es convertirlo en un referente capaz de convocar a<strong> los mejores artistas de gospel internacionales</strong> para que todos tengamos la ocasión de aprender de ellos, verlos actuar, recibir clases y vivir la magia del gospel más auténtico.</p>



<p>Es difícil trasladar en palabras lo que se vive en estos encuentros de gospel. Se experimentan estados emocionales potentes, aunque muy sencillos al mismo tiempo. Es alegría desde la sencillez, desde la simple satisfacción de estar compartiendo, de pertenecer a algo que va más allá de uno. Es una forma de celebrar la vida a través del gospel, a través de la música, de acercarse al gospel de una manera festiva totalmente lúdica, abierta tanto a profesionales como amateurs o personas con curiosidad por el gospel.</p>



<h3 class="wp-block-heading">En nuestros eventos:</h3>



<ul class="wp-block-list"><li>Vivirás la música y concretamente, el gospel, desde “dentro”, con toda la autenticidad y la potencia de su mensaje.</li><li>Disfrutarás de la música de una forma nueva, llena de energía renovada y positiva.</li><li>Formarás parte de un todo desde tu individualidad y te emocionaras formando parte de algo intangible, pero al mismo tiempo, real y poderoso como la percepción de centenares de personas conectadas íntimamente a través del sonido de sus voces.</li><li>Te sentirás vivo, vivirás una experiencia de celebración de la vida, de cercanía, de relaciones humanas en su mejor versión</li><li>Profundizarás de la mano de las grandes figuras del gospel internacional, básicamente de USA y UK, en todas las facetas musicales y emocionales que conforman el gospel.</li><li>Comprenderás de manera vivencial el mensaje universal del gospel que va más allá de las distintas creencias, culturas&nbsp; y procedencias</li></ul>



<h3 class="wp-block-heading"><strong>A quién va dirigido:</strong></h3>



<ul class="wp-block-list"><li>Si estás interesado en el gospel y tienes curiosidad por entender en qué consiste su magia y atractivo.</li><li>Si cantas actualmente en un coro y necesitas ir más allá.</li><li>Si quieres disfrutar de las actuaciones en directo y workshops de las grandes figuras internacionales.</li><li>Si quieres compartir tu pasión por el gospel con gente de otras culturas y procedencias.</li><li>Si quieres comprender de manera práctica y vivencial la universalidad de su mensaje.</li></ul>



<h3 class="wp-block-heading"><strong>Productora &#8211; Eventos</strong></h3>



<h4 class="wp-block-heading"><strong>Festivales. Fundador y director pedagógico</strong></h4>



<ul class="wp-block-list"><li><a href="https://ramonescale.com/es/eventos-fundacion/campus-gospel-rajadell/" class="ek-link">Campus Gospel Rajadell</a></li><li><a href="https://ramonescale.com/es/eventos-fundacion/one-heart-gospel-festival/" class="ek-link">One Heart. International Gospel Festival</a><span style="color: initial">. Barcelona</span></li><li><span style="color: initial">UNITY. 400 veus per la Pau.</span></li></ul>



<h4 class="wp-block-heading"><strong>Foundation. Colaborador.</strong></h4>



<ul class="wp-block-list"><li>New Life school. Safari Children’s Choir. Entebbe (Uganda)</li><li>Chazon Children Center Molo ( Kenya ). </li><li>Collaborations with GTM Ministries. Siena / Sardinia / Telti. </li></ul>



<hr class="wp-block-separator has-css-opacity" />



<h2 class="has-text-align-center wp-block-heading">Testimonios</h2>



<div class="wp-block-columns alignwide is-layout-flex wp-container-core-columns-is-layout-9d6595d7 wp-block-columns-is-layout-flex">
<div class="wp-block-column is-layout-flow wp-block-column-is-layout-flow">
<blockquote class="wp-block-quote is-layout-flow wp-block-quote-is-layout-flow"><p>Ramón es de esas personas que tiene ángel y además de su talento para la música, es un líder. Tiene el poder de mover a las personas por dentro y por fuera. Todo lo hace de una forma muy espontánea, innata, no representa ningún papel, es autèntico. Trabajando es muy serio, aunque nunca olvida su sentido del humor y la risa. Sus eventos mueven montañas, y él es la punta del iceberg de cada uno de ellos.</p><cite>David Casamitjana. Ingeniero de sonido</cite></blockquote>
</div>



<div class="wp-block-column is-layout-flow wp-block-column-is-layout-flow">
<blockquote class="wp-block-quote is-layout-flow wp-block-quote-is-layout-flow"><p>Ramon marca la diferencia gracias a su naturalidad y sencillez a la hora de comunicar y transmitir. Tiene una capacidad para cautivar a cantantes, y liderarlos con sencillez y humildad. Tiene una gran talento como director, y especialmente como músico. Me gusta mucho. Tiene carisma y sabe ponerse frente a un proyecto escuchando a todos. Sus eventos me encantan, no me pierdo ni uno.</p><cite>Imma Joseph. Responsable de coro</cite></blockquote>
</div>
</div>



<p></p>

<p>Fruto de mi pasión por el gospel y mi ilusión y ganas por compartir, impulsar y acercar este hermoso lenguaje musical lleno emoción, energía y unidad, nacen todos los eventos que organizo. En cada uno de ellos, los participantes tienen la oportunidad de vivir una experiencia única e intensa en donde además de aprender gospel, [&hellip;]</p>
