{"id":475,"date":"2020-03-05T16:48:26","date_gmt":"2020-03-05T15:48:26","guid":{"rendered":"https:\/\/ramonescale.com\/?page_id=475"},"modified":"2022-06-01T13:57:52","modified_gmt":"2022-06-01T11:57:52","slug":"campus-gospel-rajadell","status":"publish","type":"page","link":"https:\/\/ramonescale.com\/es\/eventos-fundacion\/campus-gospel-rajadell\/","title":{"rendered":"Campus Gospel Rajadell"},"content":{"rendered":"\n<p>El Campus Gospel Rajadell, con 15 ediciones realizadas es un evento \u00fanico en su g\u00e9nero.<\/p>\n\n\n\n<p>A lo largo de tres d\u00edas, apasionados del gospel procedentes en su mayor\u00eda de Catalunya pero tambi\u00e9n del Pa\u00eds Vasco, Baleares, Canarias y resto de Espa\u00f1a, y de Francia, Italia, Alemania, Reino Unido, etc., conviven compartiendo su pasi\u00f3n.<\/p>\n\n\n\n<p>Para ello invadimos literalmente un peque\u00f1o pueblo del Bages, situado en medio de la naturaleza, en donde durante tres d\u00edas el gospel est\u00e1 constantemente en todos los rincones y en todo momento se oyen voces y m\u00fasica, proximidad y paz.&nbsp;<\/p>\n\n\n\n<p>Talleres durante el d\u00eda, conciertos por la noche, Open sessions, Service\/Talk\u2026, que convierten Rajadell en un aut\u00e9ntico Gospel Village. Los habitantes del pueblo acogen a los artistas invitados en sus casas, generando un clima de cercan\u00eda y convivencia que constituye el sello de identidad del Campus Rajadell: un oasis donde conviven gentes de distintas partes del mundo, con distintas creencias y procedencias,&nbsp; en absoluta armon\u00eda.<\/p>\n\n\n\n<hr class=\"wp-block-separator events\" \/>\n\n\n\n<p>En anteriores ediciones, se ha contado con la participaci\u00f3n de artistas de primera l\u00ednea de USA, UK, \u00c1frica, y tambi\u00e9n del resto de Europa como Trey Mclaughlin &amp; Sounds of Zammar (USA), Linda Tillery &amp; Heritage Choir (USA), London Community Gospel Choir (UK), Campbell Brothers (USA), Bazil Meade Experience (UK), Messengers (SPA), Riga Gospel Choir (LATVIA), Sova Gospel Choir (SWIT), SAfari Children Choir (UGANDA), Lurine Cato (UK), Carla Jane (UK), Daniel Thomas (UK), Latonius (USA), Jason Taylor (USA), Joel Polo (USA), Keith Moncrieff (USA), etc.<\/p>\n\n\n\n<hr class=\"wp-block-separator events\" \/>\n\n\n\n<ul class=\"wp-block-list\"><li><strong>Pr\u00f3xima convocatoria: <\/strong>8, 9 y 10 de julio de 2022<\/li><li><strong>Lugar: <\/strong>Rajadell, Barcelona.<\/li><li><strong>Organiza: <\/strong>Esclat Gospel Singers &amp; Ramon Escal\u00e9.\u00a0<\/li><li><strong>Patrocinadores:<\/strong> Cuenta con el soporte econ\u00f3mico y log\u00edstico del Ayuntamiento de Rajadell.<\/li><li><strong>Antig\u00fcedad: <\/strong>15 ediciones celebradas. Desde 2005<\/li><li><strong>Artistas:<\/strong> Dexter Walker (USA), Didier Likeng &amp; Gospel Wings(Bel), Erik Kaasa &amp; Safari Choir (Nor), Cinque Cullar (USA), Ramon Escal\u00e9 &amp; Esclat Gospel Singers &amp; Esclat Junior<\/li><li><strong>Formato:<\/strong> Fin de semana<\/li><li><strong>Web y c\u00f3mo apuntarse:<\/strong> <a aria-label=\" (opens in a new tab)\" href=\"https:\/\/campusgospelrajadell.org\" target=\"_blank\" rel=\"noreferrer noopener\" class=\"ek-link\">https:\/\/campusgospelrajadell.org<\/a><\/li><\/ul>\n\n\n\n<hr class=\"wp-block-separator events\" \/>\n\n\n\n<h3 class=\"wp-block-heading\"><strong>Videos<\/strong><\/h3>\n\n\n\n<figure class=\"wp-block-embed is-type-video is-provider-youtube wp-block-embed-youtube wp-embed-aspect-16-9 wp-has-aspect-ratio\"><div class=\"wp-block-embed__wrapper\">\n<iframe loading=\"lazy\" title=\"\u00c8xit del Campus Gospel de Rajadell\" width=\"700\" height=\"394\" src=\"https:\/\/www.youtube.com\/embed\/UBVMlgfNEFY?feature=oembed\" frameborder=\"0\" allow=\"accelerometer; autoplay; clipboard-write; encrypted-media; gyroscope; picture-in-picture\" allowfullscreen><\/iframe>\n<\/div><\/figure>\n\n\n\n<figure class=\"wp-block-embed is-type-video is-provider-youtube wp-block-embed-youtube wp-embed-aspect-16-9 wp-has-aspect-ratio\"><div class=\"wp-block-embed__wrapper\">\n<iframe loading=\"lazy\" title=\"InfoTaronja - 3\/7\/2017 - \u00c8xit del Campus de Rajadell\" width=\"700\" height=\"394\" src=\"https:\/\/www.youtube.com\/embed\/ixoWhPWj6RU?feature=oembed\" frameborder=\"0\" allow=\"accelerometer; autoplay; clipboard-write; encrypted-media; gyroscope; picture-in-picture\" allowfullscreen><\/iframe>\n<\/div><\/figure>\n","protected":false},"excerpt":{"rendered":"<p>El Campus Gospel Rajadell, con 15 ediciones realizadas es un evento \u00fanico en su g\u00e9nero. A lo largo de tres d\u00edas, apasionados del gospel procedentes en su mayor\u00eda de Catalunya pero tambi\u00e9n del Pa\u00eds Vasco, Baleares, Canarias y resto de Espa\u00f1a, y de Francia, Italia, Alemania, Reino Unido, etc., conviven compartiendo su pasi\u00f3n. Para ello [&hellip;]<\/p>\n","protected":false},"author":1,"featured_media":0,"parent":296,"menu_order":0,"comment_status":"closed","ping_status":"closed","template":"","meta":{"_editorskit_title_hidden":false,"_editorskit_reading_time":1,"_editorskit_is_block_options_detached":false,"_editorskit_block_options_position":"{}","_genesis_hide_title":false,"_genesis_hide_breadcrumbs":false,"_genesis_hide_singular_image":false,"_genesis_hide_footer_widgets":false,"_genesis_custom_body_class":"","_genesis_custom_post_class":"","_genesis_layout":"","editor_notices":[],"footnotes":""},"class_list":{"0":"post-475","1":"page","2":"type-page","3":"status-publish","5":"entry"},"_links":{"self":[{"href":"https:\/\/ramonescale.com\/es\/wp-json\/wp\/v2\/pages\/475","targetHints":{"allow":["GET"]}}],"collection":[{"href":"https:\/\/ramonescale.com\/es\/wp-json\/wp\/v2\/pages"}],"about":[{"href":"https:\/\/ramonescale.com\/es\/wp-json\/wp\/v2\/types\/page"}],"author":[{"embeddable":true,"href":"https:\/\/ramonescale.com\/es\/wp-json\/wp\/v2\/users\/1"}],"replies":[{"embeddable":true,"href":"https:\/\/ramonescale.com\/es\/wp-json\/wp\/v2\/comments?post=475"}],"version-history":[{"count":6,"href":"https:\/\/ramonescale.com\/es\/wp-json\/wp\/v2\/pages\/475\/revisions"}],"predecessor-version":[{"id":726,"href":"https:\/\/ramonescale.com\/es\/wp-json\/wp\/v2\/pages\/475\/revisions\/726"}],"up":[{"embeddable":true,"href":"https:\/\/ramonescale.com\/es\/wp-json\/wp\/v2\/pages\/296"}],"wp:attachment":[{"href":"https:\/\/ramonescale.com\/es\/wp-json\/wp\/v2\/media?parent=475"}],"curies":[{"name":"wp","href":"https:\/\/api.w.org\/{rel}","templated":true}]}}

<p>El Campus Gospel Rajadell, con 15 ediciones realizadas es un evento único en su género.</p>



<p>A lo largo de tres días, apasionados del gospel procedentes en su mayoría de Catalunya pero también del País Vasco, Baleares, Canarias y resto de España, y de Francia, Italia, Alemania, Reino Unido, etc., conviven compartiendo su pasión.</p>



<p>Para ello invadimos literalmente un pequeño pueblo del Bages, situado en medio de la naturaleza, en donde durante tres días el gospel está constantemente en todos los rincones y en todo momento se oyen voces y música, proximidad y paz.&nbsp;</p>



<p>Talleres durante el día, conciertos por la noche, Open sessions, Service/Talk…, que convierten Rajadell en un auténtico Gospel Village. Los habitantes del pueblo acogen a los artistas invitados en sus casas, generando un clima de cercanía y convivencia que constituye el sello de identidad del Campus Rajadell: un oasis donde conviven gentes de distintas partes del mundo, con distintas creencias y procedencias,&nbsp; en absoluta armonía.</p>



<hr class="wp-block-separator events" />



<p>En anteriores ediciones, se ha contado con la participación de artistas de primera línea de USA, UK, África, y también del resto de Europa como Trey Mclaughlin &amp; Sounds of Zammar (USA), Linda Tillery &amp; Heritage Choir (USA), London Community Gospel Choir (UK), Campbell Brothers (USA), Bazil Meade Experience (UK), Messengers (SPA), Riga Gospel Choir (LATVIA), Sova Gospel Choir (SWIT), SAfari Children Choir (UGANDA), Lurine Cato (UK), Carla Jane (UK), Daniel Thomas (UK), Latonius (USA), Jason Taylor (USA), Joel Polo (USA), Keith Moncrieff (USA), etc.</p>



<hr class="wp-block-separator events" />



<ul class="wp-block-list"><li><strong>Próxima convocatoria: </strong>8, 9 y 10 de julio de 2022</li><li><strong>Lugar: </strong>Rajadell, Barcelona.</li><li><strong>Organiza: </strong>Esclat Gospel Singers &amp; Ramon Escalé. </li><li><strong>Patrocinadores:</strong> Cuenta con el soporte económico y logístico del Ayuntamiento de Rajadell.</li><li><strong>Antigüedad: </strong>15 ediciones celebradas. Desde 2005</li><li><strong>Artistas:</strong> Dexter Walker (USA), Didier Likeng &amp; Gospel Wings(Bel), Erik Kaasa &amp; Safari Choir (Nor), Cinque Cullar (USA), Ramon Escalé &amp; Esclat Gospel Singers &amp; Esclat Junior</li><li><strong>Formato:</strong> Fin de semana</li><li><strong>Web y cómo apuntarse:</strong> <a aria-label=" (opens in a new tab)" href="https://campusgospelrajadell.org" target="_blank" rel="noreferrer noopener" class="ek-link">https://campusgospelrajadell.org</a></li></ul>



<hr class="wp-block-separator events" />



<h3 class="wp-block-heading"><strong>Videos</strong></h3>



<figure class="wp-block-embed is-type-video is-provider-youtube wp-block-embed-youtube wp-embed-aspect-16-9 wp-has-aspect-ratio"><div class="wp-block-embed__wrapper">
<iframe loading="lazy" title="Èxit del Campus Gospel de Rajadell" width="700" height="394" src="https://www.youtube.com/embed/UBVMlgfNEFY?feature=oembed" frameborder="0" allow="accelerometer; autoplay; clipboard-write; encrypted-media; gyroscope; picture-in-picture" allowfullscreen></iframe>
</div></figure>



<figure class="wp-block-embed is-type-video is-provider-youtube wp-block-embed-youtube wp-embed-aspect-16-9 wp-has-aspect-ratio"><div class="wp-block-embed__wrapper">
<iframe loading="lazy" title="InfoTaronja - 3/7/2017 - Èxit del Campus de Rajadell" width="700" height="394" src="https://www.youtube.com/embed/ixoWhPWj6RU?feature=oembed" frameborder="0" allow="accelerometer; autoplay; clipboard-write; encrypted-media; gyroscope; picture-in-picture" allowfullscreen></iframe>
</div></figure>

<p>El Campus Gospel Rajadell, con 15 ediciones realizadas es un evento único en su género. A lo largo de tres días, apasionados del gospel procedentes en su mayoría de Catalunya pero también del País Vasco, Baleares, Canarias y resto de España, y de Francia, Italia, Alemania, Reino Unido, etc., conviven compartiendo su pasión. Para ello [&hellip;]</p>
